{"id":11,"date":"2017-01-13T11:06:16","date_gmt":"2017-01-13T10:06:16","guid":{"rendered":"http:\/\/ksr-lu.ch\/roboblog\/?page_id=11"},"modified":"2017-01-13T11:11:15","modified_gmt":"2017-01-13T10:11:15","slug":"impressum","status":"publish","type":"page","link":"https:\/\/ksr-lu.ch\/roboblog\/impressum\/","title":{"rendered":"Impressum"},"content":{"rendered":"<p>Roboter sind die Zukunft. Egal wo, wie und weshalb sie eingesetzt werden, Roboter sind faszinierend. Ich habe es schon mehrmals in Betracht gezogen mir solch einen Blechkameraden zuzulegen, jedoch find ich es ist eine ziemlich preisteure Spielerei f\u00fcr den Privatgebrauch. In diesem Blog erf\u00e4hrst du alles rund um den Roboter vom Bau, \u00fcber den Einsatz, bis hin zur Programmierung und Codierung eines Roboters.<\/p>\n","protected":false},"excerpt":{"rendered":"<p class=\"post-excerpt\">Roboter sind die Zukunft. Egal wo, wie und weshalb sie eingesetzt werden, Roboter sind faszinierend. Ich habe es schon mehrmals&#8230;<\/p>\n","protected":false},"author":34,"featured_media":0,"parent":0,"menu_order":0,"comment_status":"closed","ping_status":"closed","template":"","meta":[],"categories":[],"tags":[],"_links":{"self":[{"href":"https:\/\/ksr-lu.ch\/roboblog\/wp-json\/wp\/v2\/pages\/11"}],"collection":[{"href":"https:\/\/ksr-lu.ch\/roboblog\/wp-json\/wp\/v2\/pages"}],"about":[{"href":"https:\/\/ksr-lu.ch\/roboblog\/wp-json\/wp\/v2\/types\/page"}],"author":[{"embeddable":true,"href":"https:\/\/ksr-lu.ch\/roboblog\/wp-json\/wp\/v2\/users\/34"}],"replies":[{"embeddable":true,"href":"https:\/\/ksr-lu.ch\/roboblog\/wp-json\/wp\/v2\/comments?post=11"}],"version-history":[{"count":3,"href":"https:\/\/ksr-lu.ch\/roboblog\/wp-json\/wp\/v2\/pages\/11\/revisions"}],"predecessor-version":[{"id":14,"href":"https:\/\/ksr-lu.ch\/roboblog\/wp-json\/wp\/v2\/pages\/11\/revisions\/14"}],"wp:attachment":[{"href":"https:\/\/ksr-lu.ch\/roboblog\/wp-json\/wp\/v2\/media?parent=11"}],"wp:term":[{"taxonomy":"category","embeddable":true,"href":"https:\/\/ksr-lu.ch\/roboblog\/wp-json\/wp\/v2\/categories?post=11"},{"taxonomy":"post_tag","embeddable":true,"href":"https:\/\/ksr-lu.ch\/roboblog\/wp-json\/wp\/v2\/tags?post=11"}],"curies":[{"name":"wp","href":"https:\/\/api.w.org\/{rel}","templated":true}]}}