{"id":18,"date":"2022-06-03T08:39:33","date_gmt":"2022-06-03T06:39:33","guid":{"rendered":"https:\/\/ksr-lu.ch\/potsdamaustausch\/?page_id=18"},"modified":"2025-06-24T15:17:12","modified_gmt":"2025-06-24T13:17:12","slug":"schuelerinnen-austausch-zum-20-jaehrigen-jubilaeum-der-staedtepartnerschaft","status":"publish","type":"page","link":"https:\/\/ksr-lu.ch\/potsdamaustausch\/","title":{"rendered":"Sch\u00fclerInnen-Austausch zum 20-j\u00e4hrigen Jubil\u00e4um der St\u00e4dtepartnerschaft"},"content":{"rendered":"\n<p><strong>Die St\u00e4dtepartnerschaft Luzern-Potsdam feierte im Jahr 2022 ihr 20-j\u00e4hriges Jubil\u00e4um. Zu diesem Anlass organisierte der Freundeskreis dieser St\u00e4dtepartnerschaft verschiedene Schul-Austauschprogramme zwischen der Kantonsschule Reussb\u00fchl Luzern und der Sportschule Potsdam. <\/strong><\/p>\n\n\n\n<figure class=\"wp-block-image size-large\"><img width=\"1024\" height=\"293\" src=\"https:\/\/ksr-lu.ch\/potsdamaustausch\/wp-content\/uploads\/sites\/185\/2022\/05\/Luzern-Potsdam-1024x293.jpg\" alt=\"\" class=\"wp-image-9\" srcset=\"https:\/\/ksr-lu.ch\/potsdamaustausch\/wp-content\/uploads\/sites\/185\/2022\/05\/Luzern-Potsdam-1024x293.jpg 1024w, https:\/\/ksr-lu.ch\/potsdamaustausch\/wp-content\/uploads\/sites\/185\/2022\/05\/Luzern-Potsdam-300x86.jpg 300w, https:\/\/ksr-lu.ch\/potsdamaustausch\/wp-content\/uploads\/sites\/185\/2022\/05\/Luzern-Potsdam-768x220.jpg 768w, https:\/\/ksr-lu.ch\/potsdamaustausch\/wp-content\/uploads\/sites\/185\/2022\/05\/Luzern-Potsdam-1536x440.jpg 1536w, https:\/\/ksr-lu.ch\/potsdamaustausch\/wp-content\/uploads\/sites\/185\/2022\/05\/Luzern-Potsdam-1568x449.jpg 1568w, https:\/\/ksr-lu.ch\/potsdamaustausch\/wp-content\/uploads\/sites\/185\/2022\/05\/Luzern-Potsdam.jpg 1762w\" sizes=\"(max-width: 1024px) 100vw, 1024px\" \/><figcaption>Hofkirche von Luzern und Stattschloss Potsdam<\/figcaption><\/figure>\n\n\n\n<p>2022 haben w\u00e4hrend jeweils zwei Schulwochen zwei Gastsch\u00fclerInnen Eindr\u00fccke der Partnerstadt gesammelt und diese aus der Sicht junger Menschen in Bild- und Textform portr\u00e4tiert.<\/p>\n\n\n\n<p>Der Austausch fand in zwei Schritten statt:<\/p>\n\n\n\n<p>1.) Im Mai-Juni 2022 besuchten Mara Feilbach (17) und Paul Bummert  (19) von der <strong>Sportschule Potsdam<\/strong> Aline Luible (17) und Tom Huwyler (17) von der <strong>Kantonsschule Reussb\u00fchl Luzern.<\/strong><\/p>\n\n\n\n<p>Hier geht&#8217;s zu den Blogs von Mara zur <a href=\"http:\/\/www.ksr-sb.ch\/marasblog1\">ersten<\/a> und zur <a href=\"http:\/\/www.ksr-sb.ch\/marasblog2\">zweiten Aufenthaltswoche<\/a> und hier zum Blog von <a href=\"https:\/\/ksr-sb.ch\/paulspotsdamaustauschblog\">Paul<\/a>.<\/p>\n\n\n\n<p>2.) Im August-September 2022 besuchten Aline Luible und Tom Huwyler von der KSR mit Mara Feilbach und Paul Bummert zusammen den Unterricht an der Sportschule Potsdam.<\/p>\n\n\n\n<p>Hier geht&#8217;s zu den Blogs von <a href=\"https:\/\/ksr-sb.ch\/alinespotsdamaustauschblog\/\" data-type=\"URL\" data-id=\"https:\/\/ksr-sb.ch\/alinespotsdamaustauschblog\/\">Aline<\/a> und <a href=\"https:\/\/ksr-sb.ch\/tomspotsdamaustauschblog\/\" data-type=\"URL\" data-id=\"https:\/\/ksr-sb.ch\/tomspotsdamaustauschblog\/\">Tom<\/a>.<\/p>\n\n\n\n<p>Im Mai 2023 fuhr die Klasse L21b f\u00fcr eine Woche zur Sportschule Potsdam. Ihre Erlebnisse sind dokumentiert in einem <a href=\"https:\/\/ksr-sb.ch\/potsdamklassenaustausch\/\">Klassenblog<\/a>, im <a href=\"https:\/\/ksr-lu.ch\/jahresbericht22-23\/studienreise-der-klasse-l21b-nach-potsdam\/\">Jahresbericht <\/a>und in der <a href=\"https:\/\/ksreussbuehl.lu.ch\/portrait\/Fotogalerie\/Schuljahr_2022_2023\/Fruehlingsstudienwoche_Potsdam\">Bildergalerie<\/a> der KSR 2022-23.<\/p>\n\n\n\n<p>Im Mai 2024 folgte ihr die Klasse L22d, wobei in der darauffolgenden Woche auch gleich ein Gegenbesuch einer Ruderklasse der Sportschule Potsdam an der KSR stattfand, so dass nun tats\u00e4chlich zum ersten Mal ein Klassenaustausch mit vielen Begegnungen entstanden ist. Die entsprechenden Begegnungen sind dokumentiert in einem <a href=\"https:\/\/ksr-sb.ch\/potsdamklassenaustausch24\/\">Klassenblog<\/a>, im <a href=\"https:\/\/ksr-lu.ch\/jahresbericht23-24\/austausch-der-kantonsschule-reussbuehl-luzern-mit-der-sportschule-potsdam-2024\/\">Jahresbericht<\/a> und in der <a href=\"https:\/\/ksreussbuehl.lu.ch\/portrait\/Fotogalerie\/Schuljahr_2023_2024\/2024_05_13_17_Fruehlingsstudienwoche\">Bildergalerie <\/a>der KSR 2023-24.<\/p>\n","protected":false},"excerpt":{"rendered":"<p>Die St\u00e4dtepartnerschaft Luzern-Potsdam feierte im Jahr 2022 ihr 20-j\u00e4hriges Jubil\u00e4um. Zu diesem Anlass organisierte der Freundeskreis dieser St\u00e4dtepartnerschaft verschiedene Schul-Austauschprogramme zwischen der Kantonsschule Reussb\u00fchl Luzern und der Sportschule Potsdam. 2022 haben w\u00e4hrend jeweils zwei Schulwochen zwei Gastsch\u00fclerInnen Eindr\u00fccke der Partnerstadt gesammelt und diese aus der Sicht junger Menschen in Bild- und Textform portr\u00e4tiert. Der Austausch&hellip; <a class=\"more-link\" href=\"https:\/\/ksr-lu.ch\/potsdamaustausch\/\"><span class=\"screen-reader-text\">Sch\u00fclerInnen-Austausch zum 20-j\u00e4hrigen Jubil\u00e4um der St\u00e4dtepartnerschaft<\/span> weiterlesen<\/a><\/p>\n","protected":false},"author":58,"featured_media":0,"parent":0,"menu_order":0,"comment_status":"closed","ping_status":"closed","template":"","meta":[],"categories":[],"tags":[],"_links":{"self":[{"href":"https:\/\/ksr-lu.ch\/potsdamaustausch\/wp-json\/wp\/v2\/pages\/18"}],"collection":[{"href":"https:\/\/ksr-lu.ch\/potsdamaustausch\/wp-json\/wp\/v2\/pages"}],"about":[{"href":"https:\/\/ksr-lu.ch\/potsdamaustausch\/wp-json\/wp\/v2\/types\/page"}],"author":[{"embeddable":true,"href":"https:\/\/ksr-lu.ch\/potsdamaustausch\/wp-json\/wp\/v2\/users\/58"}],"replies":[{"embeddable":true,"href":"https:\/\/ksr-lu.ch\/potsdamaustausch\/wp-json\/wp\/v2\/comments?post=18"}],"version-history":[{"count":10,"href":"https:\/\/ksr-lu.ch\/potsdamaustausch\/wp-json\/wp\/v2\/pages\/18\/revisions"}],"predecessor-version":[{"id":55,"href":"https:\/\/ksr-lu.ch\/potsdamaustausch\/wp-json\/wp\/v2\/pages\/18\/revisions\/55"}],"wp:attachment":[{"href":"https:\/\/ksr-lu.ch\/potsdamaustausch\/wp-json\/wp\/v2\/media?parent=18"}],"wp:term":[{"taxonomy":"category","embeddable":true,"href":"https:\/\/ksr-lu.ch\/potsdamaustausch\/wp-json\/wp\/v2\/categories?post=18"},{"taxonomy":"post_tag","embeddable":true,"href":"https:\/\/ksr-lu.ch\/potsdamaustausch\/wp-json\/wp\/v2\/tags?post=18"}],"curies":[{"name":"wp","href":"https:\/\/api.w.org\/{rel}","templated":true}]}}