{"id":525,"date":"2023-07-25T17:42:16","date_gmt":"2023-07-25T15:42:16","guid":{"rendered":"https:\/\/ksr-lu.ch\/jahresberichte\/?page_id=525"},"modified":"2024-08-13T13:28:52","modified_gmt":"2024-08-13T11:28:52","slug":"verabschiedungen-2","status":"publish","type":"page","link":"https:\/\/ksr-lu.ch\/jahresbericht23-24\/verabschiedungen-2\/","title":{"rendered":"Verabschiedungen"},"content":{"rendered":"\n<p>Annette Studer<br>Rektorin<\/p>\n\n\n\n<p class=\"has-vivid-red-color has-text-color has-medium-font-size\"><strong>Lehrpersonen<\/strong><\/p>\n\n\n\n<p><strong>Michelle Haug<\/strong><\/p>\n\n\n\n<p>Wir m\u00f6chten uns von Michelle Haug verabschieden, die uns als einj\u00e4hrige Stellvertreterin von Florian Zellweger im Fach Chemie mit ihrem Engagement und ihrer Leidenschaft bereichert hat.<\/p>\n\n\n\n<p>Michelle hat bei den Sch\u00fcler\/innen durch ihre offene, zug\u00e4ngliche Art und ihr echtes Interesse an deren Lebenswelt einen bleibenden Eindruck hinterlassen. Ihr Enthusiasmus hat bei vielen Sch\u00fcler\/innen die \u00abAktivierungsenergie\u00bb f\u00fcr das Fach Chemie gesenkt und war bestimmt bei vielen chemischen Reaktionen der n\u00f6tige Katalysator.<\/p>\n\n\n\n<p>Michelle wird nun wertvolle Erfahrungen in der Privatwirtschaft sammeln und wir hoffen sehr, dass sie den Weg zur\u00fcck ins Klassenzimmer findet, um vielleicht die \u00abideale Reaktionsgleichung\u00bb zwischen Wirtschaft und Bildung zu entdecken und die Schule mit neuen \u00abElementen\u00bb und \u00abVerbindungen\u00bb zu bereichern. Michelle, wir danken dir von ganzem Herzen f\u00fcr deine wertvolle Arbeit und dein Engagement. Wir w\u00fcnschen dir f\u00fcr deine zuk\u00fcnftigen Herausforderungen viel Erfolg und m\u00f6ge dein Weg stets \u00abexotherm\u00bb und voller \u00abpositiver Energie\u00bb sein.<\/p>\n\n\n\n<p class=\"has-text-align-left has-vivid-red-color has-text-color has-medium-font-size\"><strong>Mitarbeitende<\/strong><\/p>\n\n\n\n<p><strong>Edith Geisenhof<\/strong><\/p>\n\n\n\n<div class=\"wp-block-image is-style-default\"><figure class=\"alignright size-large is-resized\"><img src=\"http:\/\/ksr-lu.ch\/jahresbericht23-24\/wp-content\/uploads\/sites\/199\/2024\/07\/Edith-G.-1-1024x718.jpg\" alt=\"\" class=\"wp-image-1523\" width=\"256\" height=\"180\" srcset=\"https:\/\/ksr-lu.ch\/jahresbericht23-24\/wp-content\/uploads\/sites\/199\/2024\/07\/Edith-G.-1-1024x718.jpg 1024w, https:\/\/ksr-lu.ch\/jahresbericht23-24\/wp-content\/uploads\/sites\/199\/2024\/07\/Edith-G.-1-300x210.jpg 300w, https:\/\/ksr-lu.ch\/jahresbericht23-24\/wp-content\/uploads\/sites\/199\/2024\/07\/Edith-G.-1-768x538.jpg 768w, https:\/\/ksr-lu.ch\/jahresbericht23-24\/wp-content\/uploads\/sites\/199\/2024\/07\/Edith-G.-1-1536x1076.jpg 1536w, https:\/\/ksr-lu.ch\/jahresbericht23-24\/wp-content\/uploads\/sites\/199\/2024\/07\/Edith-G.-1.jpg 2048w\" sizes=\"(max-width: 256px) 100vw, 256px\" \/><\/figure><\/div>\n\n\n\n<p>Edith Geisenhof arbeitete seit dem 1. M\u00e4rz 2016 bei uns an der KSR im Reinigungsteam. Dieses verst\u00e4rkte sie von Anfang an \u00e4usserst selbst\u00e4ndig, zuverl\u00e4ssig und kompetent. Aufgrund ihrer offenen, leutseligen Art war sie im ganzen Team rasch sehr beliebt, auch weil sie gut zuh\u00f6ren konnte und am Wohlergehen ihres Gegen\u00fcbers Anteil nahm.<\/p>\n\n\n\n<p>Edith hatte die verantwortungsvolle und bisweilen herausfordernde Aufgabe, die Schulleitungsb\u00fcros zu reinigen. Herausfordernd deshalb, weil die Pulte der Schulleitungsmitglieder meist mit zig Papierstapeln und Notizzetteln \u00fcberstellt sind, um die herum Edith mit ihrem Reinigungsger\u00e4t geschickt zu jonglieren vermochte. Ich freute mich immer, wenn es montags am fr\u00fchen Nachmittag an der B\u00fcrot\u00fcre l\u00e4utete und Edith den Abfall leeren und die Arbeitsfl\u00e4chen reinigen kam. Das war jeweils eine sch\u00f6ne Gelegenheit f\u00fcr einen heiteren Schwatz, denn Edith wusste stets Interessantes zu erz\u00e4hlen oder hatte ein m\u00fctterliches Ohr f\u00fcr die kleinen Sorgen und N\u00f6te einer Rektorin.<\/p>\n\n\n\n<p>Edith war aber auch eine pr\u00e4chtige \u00abFesth\u00fctte\u00bb: Sie liebte Grillfeste mit dem Reinigungs- und Hauswarte-Team, bei denen h\u00e4ufig auch ihr verstorbener Mann Ruedi, der Bayer, dabei war. Dieser liess uns mit seinen manchmal etwas deftigen Witzen Tr\u00e4nen lachen und verw\u00f6hnte uns als ehemaliger Konditor mit herrlichen Torten. Leider hatte er es vers\u00e4umt, seine Frau Edith das Tortenbacken zu lehren. Vergeblich warteten die Jungspunde im Hauswarte-Team bis heute auf einen Schokoladekuchen von Edith. Wer weiss: Vielleicht wird sie dann nach der Pensionierung noch ein ungeahntes B\u00e4ckerinnen-Potenzial entfalten\u2026<\/p>\n\n\n\n<p>Ja, Edith wird pensioniert. Wir werden sie alle vermissen, denn sie war nicht nur f\u00fcr die Sauberkeit unseres Hauses eine Perle, sondern auch eine wunderbare, sympathische, aufgestellte Kollegin. Auch in schweren Zeiten, wie w\u00e4hrend der Erkrankung ihres Mannes und nach seinem Tod, hatte sie stets unverdrossen, nach vorne blickend weitergearbeitet und sich nie beklagt, wof\u00fcr ich sie bewunderte und als Beispiel nahm.<\/p>\n\n\n\n<p>Wir werden Edith zwar alle vermissen, g\u00f6nnen ihr aber nach ihrem strengen Arbeitsleben auch von Herzen den Ruhestand. F\u00fcr die Zeit nach der KSR w\u00fcnschen wir ihr alles Gute, best\u00e4ndige Gesundheit sowie viel Energie f\u00fcr den bevorstehenden Umzug und dann gutes Einleben im neuen Heim!<\/p>\n\n\n\n<p><\/p>\n<!-- PMB print buttons is only displayed on a single post\/page URLs-->","protected":false},"excerpt":{"rendered":"<p>Annette StuderRektorin Lehrpersonen Michelle Haug Wir m\u00f6chten uns von Michelle Haug verabschieden, die uns als einj\u00e4hrige Stellvertreterin von Florian Zellweger im Fach Chemie mit ihrem Engagement und ihrer Leidenschaft bereichert hat. Michelle hat bei den Sch\u00fcler\/innen durch ihre offene, zug\u00e4ngliche Art und ihr echtes Interesse an deren Lebenswelt einen bleibenden Eindruck hinterlassen. Ihr Enthusiasmus hat [&hellip;]<\/p>\n","protected":false},"author":218,"featured_media":0,"parent":0,"menu_order":0,"comment_status":"closed","ping_status":"closed","template":"","meta":[],"categories":[11],"tags":[],"_links":{"self":[{"href":"https:\/\/ksr-lu.ch\/jahresbericht23-24\/wp-json\/wp\/v2\/pages\/525"}],"collection":[{"href":"https:\/\/ksr-lu.ch\/jahresbericht23-24\/wp-json\/wp\/v2\/pages"}],"about":[{"href":"https:\/\/ksr-lu.ch\/jahresbericht23-24\/wp-json\/wp\/v2\/types\/page"}],"author":[{"embeddable":true,"href":"https:\/\/ksr-lu.ch\/jahresbericht23-24\/wp-json\/wp\/v2\/users\/218"}],"replies":[{"embeddable":true,"href":"https:\/\/ksr-lu.ch\/jahresbericht23-24\/wp-json\/wp\/v2\/comments?post=525"}],"version-history":[{"count":11,"href":"https:\/\/ksr-lu.ch\/jahresbericht23-24\/wp-json\/wp\/v2\/pages\/525\/revisions"}],"predecessor-version":[{"id":1809,"href":"https:\/\/ksr-lu.ch\/jahresbericht23-24\/wp-json\/wp\/v2\/pages\/525\/revisions\/1809"}],"wp:attachment":[{"href":"https:\/\/ksr-lu.ch\/jahresbericht23-24\/wp-json\/wp\/v2\/media?parent=525"}],"wp:term":[{"taxonomy":"category","embeddable":true,"href":"https:\/\/ksr-lu.ch\/jahresbericht23-24\/wp-json\/wp\/v2\/categories?post=525"},{"taxonomy":"post_tag","embeddable":true,"href":"https:\/\/ksr-lu.ch\/jahresbericht23-24\/wp-json\/wp\/v2\/tags?post=525"}],"curies":[{"name":"wp","href":"https:\/\/api.w.org\/{rel}","templated":true}]}}