{"id":1641,"date":"2024-08-08T11:34:14","date_gmt":"2024-08-08T09:34:14","guid":{"rendered":"https:\/\/ksr-lu.ch\/jahresbericht23-24\/?page_id=1641"},"modified":"2024-08-13T12:04:11","modified_gmt":"2024-08-13T10:04:11","slug":"auszuege-aus-der-festrede-von-philomena-colatrella-und-gaby-schmidt","status":"publish","type":"page","link":"https:\/\/ksr-lu.ch\/jahresbericht23-24\/auszuege-aus-der-festrede-von-philomena-colatrella-und-gaby-schmidt\/","title":{"rendered":"Ausz\u00fcge aus der Festrede von Philomena Colatrella und Gaby Schmidt"},"content":{"rendered":"\n<div class=\"wp-block-image is-style-default\"><figure class=\"alignright size-large is-resized\"><img src=\"http:\/\/ksr-lu.ch\/jahresbericht23-24\/wp-content\/uploads\/sites\/199\/2024\/08\/Y4C7599-1024x768.jpg\" alt=\"\" class=\"wp-image-1802\" width=\"256\" height=\"192\" srcset=\"https:\/\/ksr-lu.ch\/jahresbericht23-24\/wp-content\/uploads\/sites\/199\/2024\/08\/Y4C7599-1024x768.jpg 1024w, https:\/\/ksr-lu.ch\/jahresbericht23-24\/wp-content\/uploads\/sites\/199\/2024\/08\/Y4C7599-300x225.jpg 300w, https:\/\/ksr-lu.ch\/jahresbericht23-24\/wp-content\/uploads\/sites\/199\/2024\/08\/Y4C7599-768x576.jpg 768w, https:\/\/ksr-lu.ch\/jahresbericht23-24\/wp-content\/uploads\/sites\/199\/2024\/08\/Y4C7599-1536x1152.jpg 1536w, https:\/\/ksr-lu.ch\/jahresbericht23-24\/wp-content\/uploads\/sites\/199\/2024\/08\/Y4C7599.jpg 2048w\" sizes=\"(max-width: 256px) 100vw, 256px\" \/><figcaption>Philomena Colatrella und Gaby Schmidt<\/figcaption><\/figure><\/div>\n\n\n\n<p>Philomena Colatrella<br>CEO der CSS<\/p>\n\n\n\n<p>Gaby Schmidt<br>Departementssekret\u00e4rin Bildungs- und Kulturdepartement Luzern<\/p>\n\n\n\n<p>Ph. Colatrella: Bleiben Sie stets wahrhaftig. Allen anderen und vor allem auch sich selbst gegen\u00fcber. Wir leben in einer Zeit, in der Wahrheiten immer h\u00e4ufiger als L\u00fcgen abgetan werden und \u2013 umgekehrt \u2013 L\u00fcgen zu Wahrheiten aufgebauscht werden. Nur wenn wir unserer Wahrhaftigkeit \u2013 unseres Verh\u00e4ltnisses zur Wahrheit \u2013 stets wieder von neuem bewusst werden, k\u00f6nnen wir solchen Zust\u00e4nden etwas entgegensetzen. Unsere Welt, wir alle haben es verdient!<\/p>\n\n\n\n<p>G. Schmidt: Maturus heisst ja \u201ereif\u201c oder \u201evollendet\u201c \u2013 aber ist es denn wirklich bereits das ultimative Reifezeugnis, das Sie bald schon erhalten werden? Wohl eher nicht. Vielmehr ist es ein Mosaikstein oder eine Facette, die Sie Ihrem noch jungen Leben neu zugef\u00fcgt haben. Lassen Sie mich zu diesem Stichwort das Sinnbild eines Brillanten ins Spiel bringen. Ein Brillant z\u00e4hlt mindestens 57 Facetten, also 57 Schliffe, bis er seine perfekte Form erreicht hat. Jede Facette, die neu hinzugeschliffen wird, macht das St\u00fcck noch wertvoller. Denken Sie daran, wenn Sie auf Ihrem Weg unterwegs sind. Geben Sie sich nicht zufrieden mit den Facetten, die Ihre Pers\u00f6nlichkeit bereits auszeichnen! Denn Sie sind es, die in den kommenden Jahren und Jahrzehnten mit den Herausforderungen des 21. Jahrhunderts konfrontiert sein werden. Auf den ersten Blick kann dies bedrohlich wirken. Auf den zweiten Blick aber er\u00f6ffnet es ungeahnte Perspektiven. Denn Sie geh\u00f6ren zu denjenigen, die uns in die Zukunft f\u00fchren werden. Jeder und jede auf der Ebene und an dem Platz, die sie oder er sich zumutet. Auf diesem Weg gibt es nicht einfach schwarz oder weiss, auch nicht richtig oder falsch. Vielmehr entscheiden Sie allein dar\u00fcber, wie Sie durch die Welt gehen wollen und was am Ende Ihre Lebenszeit pr\u00e4gen wird. Das ist Inbegriff von Freiheit und Selbstbestimmung.<\/p>\n<!-- PMB print buttons is only displayed on a single post\/page URLs-->","protected":false},"excerpt":{"rendered":"<p>Philomena ColatrellaCEO der CSS Gaby SchmidtDepartementssekret\u00e4rin Bildungs- und Kulturdepartement Luzern Ph. Colatrella: Bleiben Sie stets wahrhaftig. Allen anderen und vor allem auch sich selbst gegen\u00fcber. Wir leben in einer Zeit, in der Wahrheiten immer h\u00e4ufiger als L\u00fcgen abgetan werden und \u2013 umgekehrt \u2013 L\u00fcgen zu Wahrheiten aufgebauscht werden. Nur wenn wir unserer Wahrhaftigkeit \u2013 unseres [&hellip;]<\/p>\n","protected":false},"author":218,"featured_media":0,"parent":0,"menu_order":0,"comment_status":"closed","ping_status":"closed","template":"","meta":[],"categories":[10],"tags":[],"_links":{"self":[{"href":"https:\/\/ksr-lu.ch\/jahresbericht23-24\/wp-json\/wp\/v2\/pages\/1641"}],"collection":[{"href":"https:\/\/ksr-lu.ch\/jahresbericht23-24\/wp-json\/wp\/v2\/pages"}],"about":[{"href":"https:\/\/ksr-lu.ch\/jahresbericht23-24\/wp-json\/wp\/v2\/types\/page"}],"author":[{"embeddable":true,"href":"https:\/\/ksr-lu.ch\/jahresbericht23-24\/wp-json\/wp\/v2\/users\/218"}],"replies":[{"embeddable":true,"href":"https:\/\/ksr-lu.ch\/jahresbericht23-24\/wp-json\/wp\/v2\/comments?post=1641"}],"version-history":[{"count":3,"href":"https:\/\/ksr-lu.ch\/jahresbericht23-24\/wp-json\/wp\/v2\/pages\/1641\/revisions"}],"predecessor-version":[{"id":1805,"href":"https:\/\/ksr-lu.ch\/jahresbericht23-24\/wp-json\/wp\/v2\/pages\/1641\/revisions\/1805"}],"wp:attachment":[{"href":"https:\/\/ksr-lu.ch\/jahresbericht23-24\/wp-json\/wp\/v2\/media?parent=1641"}],"wp:term":[{"taxonomy":"category","embeddable":true,"href":"https:\/\/ksr-lu.ch\/jahresbericht23-24\/wp-json\/wp\/v2\/categories?post=1641"},{"taxonomy":"post_tag","embeddable":true,"href":"https:\/\/ksr-lu.ch\/jahresbericht23-24\/wp-json\/wp\/v2\/tags?post=1641"}],"curies":[{"name":"wp","href":"https:\/\/api.w.org\/{rel}","templated":true}]}}