{"id":1633,"date":"2024-08-08T11:29:35","date_gmt":"2024-08-08T09:29:35","guid":{"rendered":"https:\/\/ksr-lu.ch\/jahresbericht23-24\/?page_id=1633"},"modified":"2024-08-12T10:54:24","modified_gmt":"2024-08-12T08:54:24","slug":"kulturwoche-der-6-klasse-nach-bruessel-eine-premiere","status":"publish","type":"page","link":"https:\/\/ksr-lu.ch\/jahresbericht23-24\/kulturwoche-der-6-klasse-nach-bruessel-eine-premiere\/","title":{"rendered":"Kulturwoche der 6. Klasse nach Br\u00fcssel \u2013 eine Premiere"},"content":{"rendered":"\n<p>Martina Erzinger und Jacqueline Amstutz<br>Lehrpersonen f\u00fcr Franz\u00f6sisch<\/p>\n\n\n\n<p>Die zweisprachige Stadt Br\u00fcssel hat einiges an Kunst, Geschichte, Kulinarik und Architektur zu bieten. Dazu stellt sie den Hauptsitz der Europ\u00e4ischen Union und ist die Welthauptstadt der Comics. Warum also nicht einmal diese multikulturelle und eher unbekannte Stadt f\u00fcr die Kulturreise ausschreiben?<\/p>\n\n\n\n<p>Das Premiere-Projekt wurde gew\u00e4hlt und so begab sich die Reisegruppe am Montagmorgen auf die gem\u00fctliche Zugfahrt in Richtung der Hauptstadt Belgiens. Schon am ersten Abend besichtigten wir bekannte Sehensw\u00fcrdigkeiten wie la Grand-Place, l\u2019H\u00f4tel de ville, Manneken Pis und tauchten in das Nachtleben der Grossstadt ein.<\/p>\n\n\n\n<p>Der zweite Tag war am Morgen ganz den Comics gewidmet. Im BD-Museum, einem Meisterwerk aus dem Jugendstil, genossen wir eine F\u00fchrung, um unser Wissen \u00fcber die Vielfalt und Entstehung der (belgischen) Comics zu vertiefen. Wir begegneten u.a. bekannten Helden wie den Schl\u00fcmpfen, Tim und Struppi, Lucky Luke, Asterix und Obelix, Gaston, Marsupilami sowie Spirou und Fantasio.<\/p>\n\n\n\n<p>Das gemeinsame Probieren eines typisch belgischen Menus am Mittag in der traditionellen Brasserie Horta durfte dabei nicht fehlen.<\/p>\n\n\n\n<style id=\"bwg-style-0\">    #bwg_container1_0 #bwg_container2_0 .bwg-container-0.bwg-standard-thumbnails {      width: 1254px;              justify-content: center;        margin:0 auto !important;              background-color: rgba(255, 255, 255, 0.00);            padding-left: 4px;      padding-top: 4px;      max-width: 100%;            }        #bwg_container1_0 #bwg_container2_0 .bwg-container-0.bwg-standard-thumbnails .bwg-item {    justify-content: flex-start;      max-width: 250px;          }    #bwg_container1_0 #bwg_container2_0 .bwg-container-0.bwg-standard-thumbnails .bwg-item a {       margin-right: 4px;       margin-bottom: 4px;    }    #bwg_container1_0 #bwg_container2_0 .bwg-container-0.bwg-standard-thumbnails .bwg-item0 {      padding: 0px;            background-color:rgba(0,0,0, 0.30);      border: 0px none #CCCCCC;      opacity: 1.00;      border-radius: 0;      box-shadow: ;    }    #bwg_container1_0 #bwg_container2_0 .bwg-container-0.bwg-standard-thumbnails .bwg-item1 img {      max-height: none;      max-width: none;      padding: 0 !important;    }         @media only screen and (min-width: 480px) {\t\t#bwg_container1_0 #bwg_container2_0 .bwg-container-0.bwg-standard-thumbnails .bwg-item1 img {\t\t\t-webkit-transition: all .3s; transition: all .3s;\t\t}\t\t#bwg_container1_0 #bwg_container2_0 .bwg-container-0.bwg-standard-thumbnails .bwg-item1 img:hover {\t\t\t-ms-transform: scale(1.08);\t\t\t-webkit-transform: scale(1.08);\t\t\ttransform: scale(1.08);\t\t}\t\t\t\t.bwg-standard-thumbnails .bwg-zoom-effect .bwg-zoom-effect-overlay {\t\t\t\t\t\tbackground-color:rgba(0,0,0, 0.3);\t\t}\t\t.bwg-standard-thumbnails .bwg-zoom-effect:hover img {\t\t\t-ms-transform: scale(1.08);\t\t\t-webkit-transform: scale(1.08);\t\t\ttransform: scale(1.08);\t\t}\t\t      }\t    #bwg_container1_0 #bwg_container2_0 .bwg-container-0.bwg-standard-thumbnails .bwg-item1 {      padding-top: 56%;    }        #bwg_container1_0 #bwg_container2_0 .bwg-container-0.bwg-standard-thumbnails .bwg-title1 {      position: absolute;      top: 0;      z-index: 100;      width: 100%;      height: 100%;      display: flex;      justify-content: center;      align-content: center;      flex-direction: column;      opacity: 0;    }\t      #bwg_container1_0 #bwg_container2_0 .bwg-container-0.bwg-standard-thumbnails .bwg-title2,    #bwg_container1_0 #bwg_container2_0 .bwg-container-0.bwg-standard-thumbnails .bwg-ecommerce2 {      color: #FFFFFF;      font-family: Ubuntu;      font-size: 16px;      font-weight: bold;      padding: 2px;      text-shadow: ;      max-height: 100%;    }    #bwg_container1_0 #bwg_container2_0 .bwg-container-0.bwg-standard-thumbnails .bwg-thumb-description span {    color: #323A45;    font-family: Ubuntu;    font-size: 12px;    max-height: 100%;    word-wrap: break-word;    }    #bwg_container1_0 #bwg_container2_0 .bwg-container-0.bwg-standard-thumbnails .bwg-play-icon2 {      font-size: 32px;    }    #bwg_container1_0 #bwg_container2_0 .bwg-container-0.bwg-standard-thumbnails .bwg-ecommerce2 {      font-size: 19.2px;      color: #323A45;    }    <\/style>    <div id=\"bwg_container1_0\"         class=\"bwg_container bwg_thumbnail bwg_thumbnails \"         data-right-click-protection=\"0\"         data-bwg=\"0\"         data-scroll=\"0\"         data-gallery-type=\"thumbnails\"         data-gallery-view-type=\"thumbnails\"         data-current-url=\"\/jahresbericht23-24\/wp-json\/wp\/v2\/pages\/1633\"         data-lightbox-url=\"https:\/\/ksr-lu.ch\/jahresbericht23-24\/wp-admin\/admin-ajax.php?action=GalleryBox&#038;current_view=0&#038;gallery_id=41&#038;tag=0&#038;theme_id=1&#038;shortcode_id=85&#038;sort_by=order&#038;order_by=asc&#038;current_url=%2Fjahresbericht23-24%2Fwp-json%2Fwp%2Fv2%2Fpages%2F1633\"         data-gallery-id=\"41\"         data-popup-width=\"800\"         data-popup-height=\"500\"         data-is-album=\"gallery\"         data-buttons-position=\"bottom\">      <div id=\"bwg_container2_0\">             <div id=\"ajax_loading_0\" class=\"bwg_loading_div_1\">      <div class=\"bwg_loading_div_2\">        <div class=\"bwg_loading_div_3\">          <div id=\"loading_div_0\" class=\"bwg_spider_ajax_loading\">          <\/div>        <\/div>      <\/div>    <\/div>            <form id=\"gal_front_form_0\"              class=\"bwg-hidden\"              method=\"post\"              action=\"#\"              data-current=\"0\"              data-shortcode-id=\"85\"              data-gallery-type=\"thumbnails\"              data-gallery-id=\"41\"              data-tag=\"0\"              data-album-id=\"0\"              data-theme-id=\"1\"              data-ajax-url=\"https:\/\/ksr-lu.ch\/jahresbericht23-24\/wp-admin\/admin-ajax.php?action=bwg_frontend_data\">          <div id=\"bwg_container3_0\" class=\"bwg-background bwg-background-0\">                <div data-max-count=\"5\"         data-thumbnail-width=\"250\"         data-bwg=\"0\"         data-gallery-id=\"41\"         data-lightbox-url=\"https:\/\/ksr-lu.ch\/jahresbericht23-24\/wp-admin\/admin-ajax.php?action=GalleryBox&amp;current_view=0&amp;gallery_id=41&amp;tag=0&amp;theme_id=1&amp;shortcode_id=85&amp;sort_by=order&amp;order_by=asc&amp;current_url=%2Fjahresbericht23-24%2Fwp-json%2Fwp%2Fv2%2Fpages%2F1633\"         id=\"bwg_thumbnails_0\"         class=\"bwg-container-0 bwg-thumbnails bwg-standard-thumbnails bwg-container bwg-border-box\">            <div class=\"bwg-item\">        <a class=\"bwg-a  bwg_lightbox\"  data-image-id=\"118\" href=\"https:\/\/ksr-lu.ch\/jahresbericht23-24\/wp-content\/uploads\/sites\/199\/photo-gallery\/imported_from_media_libray\/Musee-de-la-BD-2.jpg?bwg=1723452665\" data-elementor-open-lightbox=\"no\">                <div class=\"bwg-item0 \">          <div class=\"bwg-item1 bwg-zoom-effect\">            <div class=\"bwg-item2\">              <img class=\"skip-lazy bwg_standart_thumb_img_0 \"                   data-id=\"118\"                   data-width=\"500.00\"                   data-height=\"375.00\"                   data-src=\"https:\/\/ksr-lu.ch\/jahresbericht23-24\/wp-content\/uploads\/sites\/199\/photo-gallery\/imported_from_media_libray\/thumb\/Musee-de-la-BD-2.jpg?bwg=1723452665\"                   src=\"https:\/\/ksr-lu.ch\/jahresbericht23-24\/wp-content\/uploads\/sites\/199\/photo-gallery\/imported_from_media_libray\/thumb\/Musee-de-la-BD-2.jpg?bwg=1723452665\"                   alt=\"\"                   title=\"\" \/>            <\/div>            <div class=\"bwg-zoom-effect-overlay\">              <div class=\"bwg-title1\"><div class=\"bwg-title2\">&nbsp;<\/div><\/div>                                        <\/div>          <\/div>        <\/div>                        <\/a>              <\/div>            <div class=\"bwg-item\">        <a class=\"bwg-a  bwg_lightbox\"  data-image-id=\"119\" href=\"https:\/\/ksr-lu.ch\/jahresbericht23-24\/wp-content\/uploads\/sites\/199\/photo-gallery\/imported_from_media_libray\/Musee-de-la-BD-1.jpg?bwg=1723452665\" data-elementor-open-lightbox=\"no\">                <div class=\"bwg-item0 \">          <div class=\"bwg-item1 bwg-zoom-effect\">            <div class=\"bwg-item2\">              <img class=\"skip-lazy bwg_standart_thumb_img_0 \"                   data-id=\"119\"                   data-width=\"500.00\"                   data-height=\"455.00\"                   data-src=\"https:\/\/ksr-lu.ch\/jahresbericht23-24\/wp-content\/uploads\/sites\/199\/photo-gallery\/imported_from_media_libray\/thumb\/Musee-de-la-BD-1.jpg?bwg=1723452665\"                   src=\"https:\/\/ksr-lu.ch\/jahresbericht23-24\/wp-content\/uploads\/sites\/199\/photo-gallery\/imported_from_media_libray\/thumb\/Musee-de-la-BD-1.jpg?bwg=1723452665\"                   alt=\"\"                   title=\"\" \/>            <\/div>            <div class=\"bwg-zoom-effect-overlay\">              <div class=\"bwg-title1\"><div class=\"bwg-title2\">&nbsp;<\/div><\/div>                                        <\/div>          <\/div>        <\/div>                        <\/a>              <\/div>          <\/div>    <style>      \/*pagination styles*\/      #bwg_container1_0 #bwg_container2_0 .tablenav-pages_0 {\t\t\t\ttext-align: center;\t\t\t\tfont-size: 12px;\t\t\t\tfont-family: Ubuntu;\t\t\t\tfont-weight: bold;\t\t\t\tcolor: #666666;\t\t\t\tmargin: 6px 0 4px;\t\t\t\tdisplay: block;      }      @media only screen and (max-width : 320px) {      #bwg_container1_0 #bwg_container2_0 .displaying-num_0 {     \t display: none;      }      }      #bwg_container1_0 #bwg_container2_0 .displaying-num_0 {\t\t\t\tfont-size: 12px;\t\t\t\tfont-family: Ubuntu;\t\t\t\tfont-weight: bold;\t\t\t\tcolor: #666666;\t\t\t\tmargin-right: 10px;\t\t\t\tvertical-align: middle;      }      #bwg_container1_0 #bwg_container2_0 .paging-input_0 {\t\t\t\tfont-size: 12px;\t\t\t\tfont-family: Ubuntu;\t\t\t\tfont-weight: bold;\t\t\t\tcolor: #666666;\t\t\t\tvertical-align: middle;      }      #bwg_container1_0 #bwg_container2_0 .tablenav-pages_0 a.disabled,      #bwg_container1_0 #bwg_container2_0 .tablenav-pages_0 a.disabled:hover,      #bwg_container1_0 #bwg_container2_0 .tablenav-pages_0 a.disabled:focus,\t\t\t#bwg_container1_0 #bwg_container2_0 .tablenav-pages_0 input.bwg_current_page {\t\t\t\tcursor: default;\t\t\t\tcolor: rgba(102, 102, 102, 0.5);      }      #bwg_container1_0 #bwg_container2_0 .tablenav-pages_0 a,      #bwg_container1_0 #bwg_container2_0 .tablenav-pages_0 input.bwg_current_page {\t\t\t\tcursor: pointer;\t\t\t\ttext-align: center;\t\t\t\tfont-size: 12px;\t\t\t\tfont-family: Ubuntu;\t\t\t\tfont-weight: bold;\t\t\t\tcolor: #666666;\t\t\t\ttext-decoration: none;\t\t\t\tpadding: 3px 6px;\t\t\t\tmargin: 0;\t\t\t\tborder-radius: 0;\t\t\t\tborder-style: solid;\t\t\t\tborder-width: 1px;\t\t\t\tborder-color: #E3E3E3;\t\t\t\t\t\t\t\tbackground-color: rgba(255, 255, 255, 1.00);\t\t\t\tbox-shadow: 0;\t\t\t\ttransition: all 0.3s ease 0s;-webkit-transition: all 0.3s ease 0s;      }      <\/style>      <span class=\"bwg_nav_cont_0\">              <div class=\"tablenav-pages_0\">                  <\/div>                <input type=\"hidden\" id=\"page_number_0\" name=\"page_number_0\" value=\"1\" \/>      <script type=\"text\/javascript\">        if( jQuery('.bwg_nav_cont_0').length > 1 ) {          jQuery('.bwg_nav_cont_0').first().remove()        }        function spider_page_0(cur, x, y, load_more) {          if (typeof load_more == \"undefined\") {            var load_more = false;          }          if (jQuery(cur).hasClass('disabled')) {            return false;          }          var items_county_0 = 1;          switch (y) {            case 1:              if (x >= items_county_0) {                document.getElementById('page_number_0').value = items_county_0;              }              else {                document.getElementById('page_number_0').value = x + 1;              }              break;            case 2:              document.getElementById('page_number_0').value = items_county_0;              break;            case -1:              if (x == 1) {                document.getElementById('page_number_0').value = 1;              }              else {                document.getElementById('page_number_0').value = x - 1;              }              break;            case -2:              document.getElementById('page_number_0').value = 1;              break;\t\t\t\t\t\tcase 0:              document.getElementById('page_number_0').value = x;              break;            default:              document.getElementById('page_number_0').value = 1;          }          bwg_ajax('gal_front_form_0', '0', 'bwg_thumbnails_0', '0', '', 'gallery', 0, '', '', load_more, '', 1);        }                    jQuery('.first-page-0').on('click', function () {              spider_page_0(this, 1, -2, 'numeric');              return false;            });            jQuery('.prev-page-0').on('click', function () {              spider_page_0(this, 1, -1, 'numeric');              return false;            });            jQuery('.next-page-0').on('click', function () {              spider_page_0(this, 1, 1, 'numeric');              return false;            });            jQuery('.last-page-0').on('click', function () {              spider_page_0(this, 1, 2, 'numeric');              return false;            });        \t\t\t\t\/* Change page on input enter. *\/        function bwg_change_page_0( e, that ) {          if (  e.key == 'Enter' ) {            var to_page = parseInt(jQuery(that).val());            var pages_count = jQuery(that).parents(\".pagination-links\").data(\"pages-count\");            var current_url_param = jQuery(that).attr('data-url-info');            if (to_page > pages_count) {              to_page = 1;            }\t \t\t\t\t\t\t\t\t\t\t\t\tspider_page_0(this, to_page, 0, 'numeric');\t\t\t\t\t\t\treturn false;\t\t\t\t\t\t          }          return true;        }        jQuery('.bwg_load_btn_0').on('click', function () {            spider_page_0(this, 1, 1, true);            return false;        });      <\/script>      <\/span>                <\/div>        <\/form>        <style>          #bwg_container1_0 #bwg_container2_0 #spider_popup_overlay_0 {          background-color: #EEEEEE;          opacity: 0.60;          }          <\/style>        <div id=\"bwg_spider_popup_loading_0\" class=\"bwg_spider_popup_loading\"><\/div>        <div id=\"spider_popup_overlay_0\" class=\"spider_popup_overlay\" onclick=\"spider_destroypopup(1000)\"><\/div>        <input type=\"hidden\" id=\"bwg_random_seed_0\" value=\"1410166478\">                <\/div>    <\/div>    <script>      if (document.readyState === 'complete') {        if( typeof bwg_main_ready == 'function' ) {          if ( jQuery(\"#bwg_container1_0\").height() ) {            bwg_main_ready(jQuery(\"#bwg_container1_0\"));          }        }      } else {        document.addEventListener('DOMContentLoaded', function() {          if( typeof bwg_main_ready == 'function' ) {            if ( jQuery(\"#bwg_container1_0\").height() ) {             bwg_main_ready(jQuery(\"#bwg_container1_0\"));            }          }        });      }    <\/script>    \n\n\n\n<p class=\"has-text-align-center has-small-font-size\">Im Mus\u00e9e de la BD mit der Rakete aus Tim und Struppis \u00abReiseziel Mond\u00bb und w\u00e4hrend der F\u00fchrung<\/p>\n\n\n\n<p>Am Nachmittag ging es spannend weiter: Wir besuchten die Bierbrauerei \u00abCantillon\u00bb, einen Familienbetrieb, wo das Bier nach einer alten G\u00e4rmethode hergestellt wird. Nach einer unterhaltsamen und lehrreichen F\u00fchrung in Englisch bildete die Bier-Degustation den kr\u00f6nenden Abschluss.<\/p>\n\n\n\n<div class=\"wp-block-image is-style-default\"><figure class=\"aligncenter size-large is-resized\"><img src=\"http:\/\/ksr-lu.ch\/jahresbericht23-24\/wp-content\/uploads\/sites\/199\/2024\/08\/Cantillon-1024x768.jpg\" alt=\"\" class=\"wp-image-1752\" width=\"512\" height=\"384\" srcset=\"https:\/\/ksr-lu.ch\/jahresbericht23-24\/wp-content\/uploads\/sites\/199\/2024\/08\/Cantillon-1024x768.jpg 1024w, https:\/\/ksr-lu.ch\/jahresbericht23-24\/wp-content\/uploads\/sites\/199\/2024\/08\/Cantillon-300x225.jpg 300w, https:\/\/ksr-lu.ch\/jahresbericht23-24\/wp-content\/uploads\/sites\/199\/2024\/08\/Cantillon-768x576.jpg 768w, https:\/\/ksr-lu.ch\/jahresbericht23-24\/wp-content\/uploads\/sites\/199\/2024\/08\/Cantillon.jpg 1087w\" sizes=\"(max-width: 512px) 100vw, 512px\" \/><figcaption>Besuch der traditionellen Bierbrauerei \u00abCantillon\u00bb<\/figcaption><\/figure><\/div>\n\n\n\n<p>Am folgenden Tag reisten wir mit dem Zug nach Br\u00fcgge, das \u00abn\u00f6rdliche Venedig\u00bb, erkundigten die mittelalterliche Altstadt, stiegen auf den hohen Glockenturm Belfort, wo die 47 Glocken gerade gespielt wurden, und assen die ber\u00fchmtber\u00fcchtigten Frites aus der Frittenbude auf dem Marktplatz. Danach gondelten wir auf einer gem\u00fctlichen Bootstour durch die romantischen Kan\u00e4le.<\/p>\n\n\n\n<p>Da das Wetter gut war, fuhren wir mit dem Zug weiter nordw\u00e4rts nach Blankenberge ans Meer und genossen bei viel Sonnenschein den Strand und den Blick auf die Nordsee.<\/p>\n\n\n\n<div class=\"wp-block-image is-style-default\"><figure class=\"aligncenter size-large is-resized\"><img src=\"http:\/\/ksr-lu.ch\/jahresbericht23-24\/wp-content\/uploads\/sites\/199\/2024\/08\/Frites.jpg\" alt=\"\" class=\"wp-image-1753\" width=\"504\" height=\"378\" srcset=\"https:\/\/ksr-lu.ch\/jahresbericht23-24\/wp-content\/uploads\/sites\/199\/2024\/08\/Frites.jpg 1007w, https:\/\/ksr-lu.ch\/jahresbericht23-24\/wp-content\/uploads\/sites\/199\/2024\/08\/Frites-300x225.jpg 300w, https:\/\/ksr-lu.ch\/jahresbericht23-24\/wp-content\/uploads\/sites\/199\/2024\/08\/Frites-768x576.jpg 768w\" sizes=\"(max-width: 504px) 100vw, 504px\" \/><figcaption>Die Frites auf dem Marktplatz in Br\u00fcgge schmecken besonders lecker.<\/figcaption><\/figure><\/div>\n\n\n\n<p>Am vierten Tag machten wir uns auf den Weg zum Europaviertel. Wir entdeckten die Welt des Europ\u00e4ischen Parlaments im Parlamentarium, dem gr\u00f6ssten Besucherzentrum Europas.<\/p>\n\n\n\n<p>Nach dem von einer Sch\u00fclergruppe organisierten Mittagessen stand die Besichtigung des Wahrzeichens von Br\u00fcssel auf dem Programm: des Atomiums. Faszinierend war der Rundgang durch die grossen Kugeln sowie die sch\u00f6ne Aussicht auf die ganze Umgebung.<\/p>\n\n\n\n<p>Den Abend liessen wir bei einem gemeinsamen Bier in der Bar einer Studentenvereinigung bei spannenden Gespr\u00e4chen mit den einheimischen Student\/innen ausklingen.<\/p>\n\n\n\n<div class=\"wp-block-image is-style-default\"><figure class=\"aligncenter size-large is-resized\"><img src=\"http:\/\/ksr-lu.ch\/jahresbericht23-24\/wp-content\/uploads\/sites\/199\/2024\/08\/Atomium-1024x768.jpg\" alt=\"\" class=\"wp-image-1751\" width=\"512\" height=\"384\" srcset=\"https:\/\/ksr-lu.ch\/jahresbericht23-24\/wp-content\/uploads\/sites\/199\/2024\/08\/Atomium-1024x768.jpg 1024w, https:\/\/ksr-lu.ch\/jahresbericht23-24\/wp-content\/uploads\/sites\/199\/2024\/08\/Atomium-300x225.jpg 300w, https:\/\/ksr-lu.ch\/jahresbericht23-24\/wp-content\/uploads\/sites\/199\/2024\/08\/Atomium-768x576.jpg 768w, https:\/\/ksr-lu.ch\/jahresbericht23-24\/wp-content\/uploads\/sites\/199\/2024\/08\/Atomium.jpg 1055w\" sizes=\"(max-width: 512px) 100vw, 512px\" \/><figcaption>Die Sch\u00fcler\/innen mit ihren Lehrpersonen vor dem Atomium<\/figcaption><\/figure><\/div>\n\n\n\n<p>Am darauffolgenden Tag traten wir nach letzten Eink\u00e4ufen und Erledigungen unsere Heimreise an und es hiess:<\/p>\n\n\n\n<p>Au revoir Bruxelles!, Tot ziens Brussel!<\/p>\n<!-- PMB print buttons is only displayed on a single post\/page URLs-->","protected":false},"excerpt":{"rendered":"<p>Martina Erzinger und Jacqueline AmstutzLehrpersonen f\u00fcr Franz\u00f6sisch Die zweisprachige Stadt Br\u00fcssel hat einiges an Kunst, Geschichte, Kulinarik und Architektur zu bieten. Dazu stellt sie den Hauptsitz der Europ\u00e4ischen Union und ist die Welthauptstadt der Comics. Warum also nicht einmal diese multikulturelle und eher unbekannte Stadt f\u00fcr die Kulturreise ausschreiben? Das Premiere-Projekt wurde gew\u00e4hlt und so [&hellip;]<\/p>\n","protected":false},"author":218,"featured_media":0,"parent":0,"menu_order":0,"comment_status":"closed","ping_status":"closed","template":"","meta":[],"categories":[7,5],"tags":[],"_links":{"self":[{"href":"https:\/\/ksr-lu.ch\/jahresbericht23-24\/wp-json\/wp\/v2\/pages\/1633"}],"collection":[{"href":"https:\/\/ksr-lu.ch\/jahresbericht23-24\/wp-json\/wp\/v2\/pages"}],"about":[{"href":"https:\/\/ksr-lu.ch\/jahresbericht23-24\/wp-json\/wp\/v2\/types\/page"}],"author":[{"embeddable":true,"href":"https:\/\/ksr-lu.ch\/jahresbericht23-24\/wp-json\/wp\/v2\/users\/218"}],"replies":[{"embeddable":true,"href":"https:\/\/ksr-lu.ch\/jahresbericht23-24\/wp-json\/wp\/v2\/comments?post=1633"}],"version-history":[{"count":5,"href":"https:\/\/ksr-lu.ch\/jahresbericht23-24\/wp-json\/wp\/v2\/pages\/1633\/revisions"}],"predecessor-version":[{"id":1759,"href":"https:\/\/ksr-lu.ch\/jahresbericht23-24\/wp-json\/wp\/v2\/pages\/1633\/revisions\/1759"}],"wp:attachment":[{"href":"https:\/\/ksr-lu.ch\/jahresbericht23-24\/wp-json\/wp\/v2\/media?parent=1633"}],"wp:term":[{"taxonomy":"category","embeddable":true,"href":"https:\/\/ksr-lu.ch\/jahresbericht23-24\/wp-json\/wp\/v2\/categories?post=1633"},{"taxonomy":"post_tag","embeddable":true,"href":"https:\/\/ksr-lu.ch\/jahresbericht23-24\/wp-json\/wp\/v2\/tags?post=1633"}],"curies":[{"name":"wp","href":"https:\/\/api.w.org\/{rel}","templated":true}]}}