{"id":1610,"date":"2024-08-08T11:20:58","date_gmt":"2024-08-08T09:20:58","guid":{"rendered":"https:\/\/ksr-lu.ch\/jahresbericht23-24\/?page_id=1610"},"modified":"2024-09-11T19:56:36","modified_gmt":"2024-09-11T17:56:36","slug":"besuch-von-bildungsdirektor-dr-armin-hartmann-an-der-ksr","status":"publish","type":"page","link":"https:\/\/ksr-lu.ch\/jahresbericht23-24\/besuch-von-bildungsdirektor-dr-armin-hartmann-an-der-ksr\/","title":{"rendered":"Besuch von Bildungsdirektor Dr. Armin Hartmann an der KSR"},"content":{"rendered":"\n<p>Cyrille R. Berger<br>Prorektor, Lehrperson f\u00fcr Englisch und Franz\u00f6sisch<\/p>\n\n\n\n<p>Am Nachmittag des Gr\u00fcndonnerstags, 28. M\u00e4rz 2024, durften wir unseren Bildungsdirektor, Regierungsrat Dr. Armin Hartmann, zusammen mit dem Leiter der Dienststelle Gymnasium, Simon D\u00f6rig, an der Kantonsschule Reussb\u00fchl begr\u00fcssen.<\/p>\n\n\n\n<div class=\"wp-block-image is-style-default\"><figure class=\"alignright size-large is-resized\"><img src=\"http:\/\/ksr-lu.ch\/jahresbericht23-24\/wp-content\/uploads\/sites\/199\/2024\/08\/Bildungsdirektor-Armin-Hartmann-im-Gespraech-mit-Akteurinnen-von-CHANCE-KSR-1024x683.jpg\" alt=\"\" class=\"wp-image-1669\" width=\"256\" height=\"171\" srcset=\"https:\/\/ksr-lu.ch\/jahresbericht23-24\/wp-content\/uploads\/sites\/199\/2024\/08\/Bildungsdirektor-Armin-Hartmann-im-Gespraech-mit-Akteurinnen-von-CHANCE-KSR-1024x683.jpg 1024w, https:\/\/ksr-lu.ch\/jahresbericht23-24\/wp-content\/uploads\/sites\/199\/2024\/08\/Bildungsdirektor-Armin-Hartmann-im-Gespraech-mit-Akteurinnen-von-CHANCE-KSR-300x200.jpg 300w, https:\/\/ksr-lu.ch\/jahresbericht23-24\/wp-content\/uploads\/sites\/199\/2024\/08\/Bildungsdirektor-Armin-Hartmann-im-Gespraech-mit-Akteurinnen-von-CHANCE-KSR-768x512.jpg 768w, https:\/\/ksr-lu.ch\/jahresbericht23-24\/wp-content\/uploads\/sites\/199\/2024\/08\/Bildungsdirektor-Armin-Hartmann-im-Gespraech-mit-Akteurinnen-von-CHANCE-KSR-1536x1024.jpg 1536w, https:\/\/ksr-lu.ch\/jahresbericht23-24\/wp-content\/uploads\/sites\/199\/2024\/08\/Bildungsdirektor-Armin-Hartmann-im-Gespraech-mit-Akteurinnen-von-CHANCE-KSR.jpg 2048w\" sizes=\"(max-width: 256px) 100vw, 256px\" \/><figcaption>Bildungsdirektor Armin Hartmann im Gespr\u00e4ch mit Akteur\/innen von CHANCE KSR<\/figcaption><\/figure><\/div>\n\n\n\n<p>Im Gespr\u00e4ch mit der Schulleitung informierte sich der Bildungsdirektor zun\u00e4chst unter anderem \u00fcber den geplanten zweiten Erweiterungsbau der Kantonsschule Reussb\u00fchl, der voraussichtlich ab 2027 realisiert wird. Danach stand f\u00fcr beide Besucher eine Lektion im Schwerpunktfach Wirtschaft und Recht bei Wirtschaftslehrerin Gabriela Colangelo auf dem Programm. Ein besonderes Erlebnis f\u00fcr die beiden Herren, haben sie doch beide einen universit\u00e4ren Studienabschluss in Wirtschaftswissenschaften. Nach einer kurzen Pause traf sich die Delegation dann mit Teilnehmenden und Coaches unseres F\u00f6rderprogramms CHANCE KSR, bevor der Bildungsdirektor sich anl\u00e4sslich unseres allj\u00e4hrlichen \u00f6sterlichen Eiert\u00fctschens bei einem Austausch mit dem Kollegium und der Sch\u00fcler\/innenorganisation souver\u00e4n pers\u00f6nlichen, politischen, aber auch kontroversen Fragen stellte.<\/p>\n\n\n\n<p>Wir haben an diesem Nachmittag Regierungsrat Armin Hartmann einmal mehr als einen Politiker erlebt, der nicht nur interessiert zuh\u00f6rt, sondern auch sehr dossiersicher ist und klare Haltungen vertritt. Wir haben uns daher sehr gefreut, dass er Anfang Mai noch einmal an der Kantonsschule Reussb\u00fchl f\u00fcr einen expliziten Besuch der Maturit\u00e4tsschule f\u00fcr Erwachsene vorbeigeschaut hat!<\/p>\n<!-- PMB print buttons is only displayed on a single post\/page URLs-->","protected":false},"excerpt":{"rendered":"<p>Cyrille R. BergerProrektor, Lehrperson f\u00fcr Englisch und Franz\u00f6sisch Am Nachmittag des Gr\u00fcndonnerstags, 28. M\u00e4rz 2024, durften wir unseren Bildungsdirektor, Regierungsrat Dr. Armin Hartmann, zusammen mit dem Leiter der Dienststelle Gymnasium, Simon D\u00f6rig, an der Kantonsschule Reussb\u00fchl begr\u00fcssen. Im Gespr\u00e4ch mit der Schulleitung informierte sich der Bildungsdirektor zun\u00e4chst unter anderem \u00fcber den geplanten zweiten Erweiterungsbau der [&hellip;]<\/p>\n","protected":false},"author":218,"featured_media":0,"parent":0,"menu_order":0,"comment_status":"closed","ping_status":"closed","template":"","meta":[],"categories":[9],"tags":[],"_links":{"self":[{"href":"https:\/\/ksr-lu.ch\/jahresbericht23-24\/wp-json\/wp\/v2\/pages\/1610"}],"collection":[{"href":"https:\/\/ksr-lu.ch\/jahresbericht23-24\/wp-json\/wp\/v2\/pages"}],"about":[{"href":"https:\/\/ksr-lu.ch\/jahresbericht23-24\/wp-json\/wp\/v2\/types\/page"}],"author":[{"embeddable":true,"href":"https:\/\/ksr-lu.ch\/jahresbericht23-24\/wp-json\/wp\/v2\/users\/218"}],"replies":[{"embeddable":true,"href":"https:\/\/ksr-lu.ch\/jahresbericht23-24\/wp-json\/wp\/v2\/comments?post=1610"}],"version-history":[{"count":4,"href":"https:\/\/ksr-lu.ch\/jahresbericht23-24\/wp-json\/wp\/v2\/pages\/1610\/revisions"}],"predecessor-version":[{"id":1941,"href":"https:\/\/ksr-lu.ch\/jahresbericht23-24\/wp-json\/wp\/v2\/pages\/1610\/revisions\/1941"}],"wp:attachment":[{"href":"https:\/\/ksr-lu.ch\/jahresbericht23-24\/wp-json\/wp\/v2\/media?parent=1610"}],"wp:term":[{"taxonomy":"category","embeddable":true,"href":"https:\/\/ksr-lu.ch\/jahresbericht23-24\/wp-json\/wp\/v2\/categories?post=1610"},{"taxonomy":"post_tag","embeddable":true,"href":"https:\/\/ksr-lu.ch\/jahresbericht23-24\/wp-json\/wp\/v2\/tags?post=1610"}],"curies":[{"name":"wp","href":"https:\/\/api.w.org\/{rel}","templated":true}]}}