{"id":1197,"date":"2023-09-21T09:14:17","date_gmt":"2023-09-21T07:14:17","guid":{"rendered":"https:\/\/ksr-lu.ch\/jahresberichte\/?page_id=1197"},"modified":"2024-07-22T11:16:45","modified_gmt":"2024-07-22T09:16:45","slug":"dezember-2","status":"publish","type":"page","link":"https:\/\/ksr-lu.ch\/jahresbericht23-24\/dezember-2\/","title":{"rendered":"Dezember"},"content":{"rendered":"\n<figure class=\"wp-block-table is-style-stripes\"><table><tbody><tr><td>01.<\/td><td>Probe und Lunchtime-Konzert KSR Band<\/td><\/tr><tr><td>01.<\/td><td>Weihnachtsessen der Mitarbeitenden<\/td><\/tr><tr><td>04.<\/td><td>Pr\u00e4sentation Maturaarbeit 6. Klassen<\/td><\/tr><tr><td>04.<\/td><td>2. Schulkommissionssitzung<\/td><\/tr><tr><td>05.<\/td><td>Besprechung Pr\u00e4sentation Maturaarbeiten, 6. Klassen<\/td><\/tr><tr><td>06.<\/td><td>Informationstag an der Universit\u00e4t Bern, 6. Klassen<\/td><\/tr><tr><td>06.<\/td><td>Konferenz Schulleitung, Klassenchefs 3. und 4. Klassen, Vorstand Sch\u00fcler\/innenorganisation<\/td><\/tr><tr><td>11.<\/td><td>Lunchtime-Konzert<\/td><\/tr><tr><td>12.<\/td><td>Hauptprobe Chor &amp; Orchester<\/td><\/tr><tr><td>14. und<br>15.<\/td><td>KSR Weihnachtskonzert<\/td><\/tr><tr><td>14. und 15.<\/td><td>Schnuppertage f\u00fcr Sch\u00fcler\/innen der 6. Primarklassen f\u00fcr das LZG<\/td><\/tr><tr><td>15.<\/td><td>Semesterpr\u00fcfung Grundlagenfach Wirtschaft und Recht 3. und 4. Klassen<\/td><\/tr><tr><td>18.<\/td><td>2. Pr\u00fcfungstermin f\u00fcr alle Erg\u00e4nzungsf\u00e4cher, 6. Klassen<\/td><\/tr><tr><td>18.<\/td><td>SOL-Pr\u00fcfung in Geschichte: \u00abIndustrielle Revolution\u00bb 2. Klassen<\/td><\/tr><tr><td>20.<\/td><td>Tanz am Mittag, Abschluss SOL-Projekt 3. Klassen<\/td><\/tr><tr><td>21.<\/td><td>Eishockey-Match Sch\u00fcler\/innen und Lehrpersonen<\/td><\/tr><tr><td>22.<\/td><td>KSR Weihnachtsfeier<\/td><\/tr><tr><td>23. bis 07.1<\/td><td>Weihnachtsferien<strong><\/strong><\/td><\/tr><\/tbody><\/table><\/figure>\n\n\n\n<figure class=\"wp-block-image size-large is-style-default\"><img width=\"1024\" height=\"597\" src=\"http:\/\/ksr-lu.ch\/jahresbericht23-24\/wp-content\/uploads\/sites\/199\/2024\/07\/Dezember-1024x597.jpg\" alt=\"\" class=\"wp-image-1490\" srcset=\"https:\/\/ksr-lu.ch\/jahresbericht23-24\/wp-content\/uploads\/sites\/199\/2024\/07\/Dezember-1024x597.jpg 1024w, https:\/\/ksr-lu.ch\/jahresbericht23-24\/wp-content\/uploads\/sites\/199\/2024\/07\/Dezember-300x175.jpg 300w, https:\/\/ksr-lu.ch\/jahresbericht23-24\/wp-content\/uploads\/sites\/199\/2024\/07\/Dezember-768x447.jpg 768w, https:\/\/ksr-lu.ch\/jahresbericht23-24\/wp-content\/uploads\/sites\/199\/2024\/07\/Dezember-1536x895.jpg 1536w, https:\/\/ksr-lu.ch\/jahresbericht23-24\/wp-content\/uploads\/sites\/199\/2024\/07\/Dezember.jpg 2048w\" sizes=\"(max-width: 1024px) 100vw, 1024px\" \/><\/figure>\n<!-- PMB print buttons is only displayed on a single post\/page URLs-->","protected":false},"excerpt":{"rendered":"<p>01. Probe und Lunchtime-Konzert KSR Band 01. Weihnachtsessen der Mitarbeitenden 04. Pr\u00e4sentation Maturaarbeit 6. Klassen 04. 2. Schulkommissionssitzung 05. Besprechung Pr\u00e4sentation Maturaarbeiten, 6. Klassen 06. Informationstag an der Universit\u00e4t Bern, 6. Klassen 06. Konferenz Schulleitung, Klassenchefs 3. und 4. Klassen, Vorstand Sch\u00fcler\/innenorganisation 11. Lunchtime-Konzert 12. Hauptprobe Chor &amp; Orchester 14. und15. KSR Weihnachtskonzert 14. und [&hellip;]<\/p>\n","protected":false},"author":218,"featured_media":0,"parent":0,"menu_order":0,"comment_status":"closed","ping_status":"closed","template":"","meta":[],"categories":[],"tags":[],"_links":{"self":[{"href":"https:\/\/ksr-lu.ch\/jahresbericht23-24\/wp-json\/wp\/v2\/pages\/1197"}],"collection":[{"href":"https:\/\/ksr-lu.ch\/jahresbericht23-24\/wp-json\/wp\/v2\/pages"}],"about":[{"href":"https:\/\/ksr-lu.ch\/jahresbericht23-24\/wp-json\/wp\/v2\/types\/page"}],"author":[{"embeddable":true,"href":"https:\/\/ksr-lu.ch\/jahresbericht23-24\/wp-json\/wp\/v2\/users\/218"}],"replies":[{"embeddable":true,"href":"https:\/\/ksr-lu.ch\/jahresbericht23-24\/wp-json\/wp\/v2\/comments?post=1197"}],"version-history":[{"count":7,"href":"https:\/\/ksr-lu.ch\/jahresbericht23-24\/wp-json\/wp\/v2\/pages\/1197\/revisions"}],"predecessor-version":[{"id":1557,"href":"https:\/\/ksr-lu.ch\/jahresbericht23-24\/wp-json\/wp\/v2\/pages\/1197\/revisions\/1557"}],"wp:attachment":[{"href":"https:\/\/ksr-lu.ch\/jahresbericht23-24\/wp-json\/wp\/v2\/media?parent=1197"}],"wp:term":[{"taxonomy":"category","embeddable":true,"href":"https:\/\/ksr-lu.ch\/jahresbericht23-24\/wp-json\/wp\/v2\/categories?post=1197"},{"taxonomy":"post_tag","embeddable":true,"href":"https:\/\/ksr-lu.ch\/jahresbericht23-24\/wp-json\/wp\/v2\/tags?post=1197"}],"curies":[{"name":"wp","href":"https:\/\/api.w.org\/{rel}","templated":true}]}}