{"id":92,"date":"2023-03-23T11:28:01","date_gmt":"2023-03-23T10:28:01","guid":{"rendered":"https:\/\/ksr-lu.ch\/jahresberichte\/?page_id=92"},"modified":"2023-09-17T11:35:11","modified_gmt":"2023-09-17T09:35:11","slug":"einblick-in-die-erfahrungen-von-noe-vor-seinem-ubertritt-ans-gymnasium","status":"publish","type":"page","link":"https:\/\/ksr-lu.ch\/jahresbericht22-23\/einblick-in-die-erfahrungen-von-noe-vor-seinem-ubertritt-ans-gymnasium\/","title":{"rendered":"Einblick in die Erfahrungen von No\u00e9 vor seinem \u00dcbertritt ans Gymnasium"},"content":{"rendered":"\n<p class=\"has-text-align-left\">Andrea Mathys <br>Mutter von No\u00e9 Mathys aus der U23f<\/p>\n\n\n\n<div class=\"wp-block-image\"><figure class=\"alignright size-large is-resized\"><img src=\"https:\/\/ksr-lu.ch\/jahresbericht22-23\/wp-content\/uploads\/sites\/197\/2023\/07\/Noe-Mathys-1024x683.jpg\" alt=\"No\u00e9 Mathys\" class=\"wp-image-223\" width=\"256\" height=\"171\" srcset=\"https:\/\/ksr-lu.ch\/jahresbericht22-23\/wp-content\/uploads\/sites\/197\/2023\/07\/Noe-Mathys-1024x683.jpg 1024w, https:\/\/ksr-lu.ch\/jahresbericht22-23\/wp-content\/uploads\/sites\/197\/2023\/07\/Noe-Mathys-300x200.jpg 300w, https:\/\/ksr-lu.ch\/jahresbericht22-23\/wp-content\/uploads\/sites\/197\/2023\/07\/Noe-Mathys-768x512.jpg 768w, https:\/\/ksr-lu.ch\/jahresbericht22-23\/wp-content\/uploads\/sites\/197\/2023\/07\/Noe-Mathys-1536x1024.jpg 1536w, https:\/\/ksr-lu.ch\/jahresbericht22-23\/wp-content\/uploads\/sites\/197\/2023\/07\/Noe-Mathys-525x350.jpg 525w, https:\/\/ksr-lu.ch\/jahresbericht22-23\/wp-content\/uploads\/sites\/197\/2023\/07\/Noe-Mathys-150x100.jpg 150w, https:\/\/ksr-lu.ch\/jahresbericht22-23\/wp-content\/uploads\/sites\/197\/2023\/07\/Noe-Mathys.jpg 2048w\" sizes=\"(max-width: 256px) 100vw, 256px\" \/><figcaption>No\u00e9 Mathys<\/figcaption><\/figure><\/div>\n\n\n\n<p>Schon lange ist sich No\u00e9 sicher, dass er nach der Primarschule an die Kantonsschule Reussb\u00fchl wechseln m\u00f6chte. Die einzelnen Informations- und Kennenlernanl\u00e4sse an der Kantonsschule Reussb\u00fchl best\u00e4tigten ihn in seinem Entschluss. Auch wir als Eltern erhielten in den letzten Monaten einen guten \u00dcberblick dar\u00fcber, was No\u00e9 in den n\u00e4chsten sechs Jahren geboten wird, aber auch, was er daf\u00fcr leisten muss.<\/p>\n\n\n\n<p>Im vergangenen November durften wir zusammen mit No\u00e9 einen Informationshalbtag zum Langzeitgymnasium besuchen. Wir deckten uns mit Informationsmaterial ein und liessen uns in der Aula durch die Schulleitung umfassend \u00fcber die Ausbildung informieren. Ausserdem durften wir an einer Schulhausf\u00fchrung teilnehmen. In Vitrinen und Terrarien entdeckte No\u00e9 spannende Modelle und Tiere. Gerne h\u00e4tte No\u00e9 etwas l\u00e4nger verweilt, doch das Schulhaus ist gross und die F\u00fchrung ging weiter. Im Anschluss an die F\u00fchrung genossen wir in der Mensa ein offeriertes Zn\u00fcni und ein Getr\u00e4nk. Wir trafen auch auf ein paar bekannte Gesichter.<\/p>\n\n\n\n<p>An einem Dienstag Ende November durften No\u00e9, ein paar Kinder seiner Klasse und ganz viele andere Sechstkl\u00e4sslerinnen und Sechstkl\u00e4ssler zum Schnuppertag an die Kantonsschule Reussb\u00fchl. Darauf hatte sich No\u00e9 schon lange gefreut. Voller Vorfreude packte er am Vorabend Papier und Schreibzeug ein. W\u00e4hrend dem ganzen Tag durfte er den Unterricht in einer 1. Klasse besuchen. Am Morgen wurden die Sch\u00fclerinnen und Sch\u00fcler durch die Schulleitung begr\u00fcsst und auf die verschiedenen Klassen aufgeteilt. No\u00e9 lernte an diesem Tag viel \u00fcber den K\u00f6rperbau der Fische, besuchte eine Franz\u00f6sisch- und eine Englischlektion. Im Deutschunterricht lasen sie in Gruppen und mussten dabei ihre Stimmen verstellen. Mit Zeitungspapier galt es, im Werkunterricht einen hohen Turm zu bauen. Am Ende des Tages wurden die Sechstkl\u00e4sslerinnen und Sechstkl\u00e4ssler verabschiedet. Begeistert kam No\u00e9 nach dem Schnuppertag nach Hause. Er zeigte voller Stolz seine Bl\u00e4tter und beschrieb uns den ereignisreichen Tag. Gespannt h\u00f6rten auch seine Geschwister zu. Die \u00e4ltere Schwester besucht bereits die Kantonsschule Reussb\u00fchl und l\u00f6cherte ihren Bruder mit Fragen. Sie meinte dazu, dass es nicht jeden Tag Chicken Nuggets in der Mensa geben w\u00fcrde. Doch schliesslich ist es der erste Eindruck, der z\u00e4hlt. Am liebsten w\u00e4re No\u00e9 am n\u00e4chsten Tag gleich wieder hingegangen. Er rechnete sich aus, dass es noch fast neun Monate dauern w\u00fcrde bis zum Schulbeginn.<\/p>\n\n\n\n<p>Der 3. Anlass war dann der Elterninformationsabend anfangs Juni. In der Aula bekamen wir von der Rektorin wichtige Infos. Ein Schwerpunkt des Abends und Anlass zu diversen Fragen war der Gebrauch des pers\u00f6nlichen Notebooks, welches den Sch\u00fclerinnen und Sch\u00fclern neu ab dem 1. Schuljahr als Leihger\u00e4t zur Verf\u00fcgung gestellt wird. Diese werden die Kinder dann w\u00e4hrend drei Jahren in der Schule, aber auch zum Lernen zu Hause einsetzen k\u00f6nnen. Die Fragen wurden kompetent beantwortet. Der H\u00f6hepunkt f\u00fcr die meisten Eltern waren wohl die Klassenlisten, welche wir an diesem Abend zum ersten Mal zu Gesicht bekamen. Wer wohl alles hinter diesen Namen steckt? No\u00e9 wird es in B\u00e4lde herausfinden.<\/p>\n\n\n\n<style id=\"bwg-style-0\">    #bwg_container1_0 #bwg_container2_0 .bwg-container-0.bwg-standard-thumbnails {      width: 1254px;              justify-content: center;        margin:0 auto !important;              background-color: rgba(255, 255, 255, 0.00);            padding-left: 4px;      padding-top: 4px;      max-width: 100%;            }        #bwg_container1_0 #bwg_container2_0 .bwg-container-0.bwg-standard-thumbnails .bwg-item {    justify-content: flex-start;      max-width: 250px;          }    #bwg_container1_0 #bwg_container2_0 .bwg-container-0.bwg-standard-thumbnails .bwg-item a {       margin-right: 4px;       margin-bottom: 4px;    }    #bwg_container1_0 #bwg_container2_0 .bwg-container-0.bwg-standard-thumbnails .bwg-item0 {      padding: 0px;            background-color:rgba(0,0,0, 0.30);      border: 0px none #CCCCCC;      opacity: 1.00;      border-radius: 0;      box-shadow: ;    }    #bwg_container1_0 #bwg_container2_0 .bwg-container-0.bwg-standard-thumbnails .bwg-item1 img {      max-height: none;      max-width: none;      padding: 0 !important;    }         @media only screen and (min-width: 480px) {\t\t#bwg_container1_0 #bwg_container2_0 .bwg-container-0.bwg-standard-thumbnails .bwg-item1 img {\t\t\t-webkit-transition: all .3s; transition: all .3s;\t\t}\t\t#bwg_container1_0 #bwg_container2_0 .bwg-container-0.bwg-standard-thumbnails .bwg-item1 img:hover {\t\t\t-ms-transform: scale(1.08);\t\t\t-webkit-transform: scale(1.08);\t\t\ttransform: scale(1.08);\t\t}\t\t\t\t.bwg-standard-thumbnails .bwg-zoom-effect .bwg-zoom-effect-overlay {\t\t\t\t\t\tbackground-color:rgba(0,0,0, 0.3);\t\t}\t\t.bwg-standard-thumbnails .bwg-zoom-effect:hover img {\t\t\t-ms-transform: scale(1.08);\t\t\t-webkit-transform: scale(1.08);\t\t\ttransform: scale(1.08);\t\t}\t\t      }\t    #bwg_container1_0 #bwg_container2_0 .bwg-container-0.bwg-standard-thumbnails .bwg-item1 {      padding-top: 56%;    }        #bwg_container1_0 #bwg_container2_0 .bwg-container-0.bwg-standard-thumbnails .bwg-title1 {      position: absolute;      top: 0;      z-index: 100;      width: 100%;      height: 100%;      display: flex;      justify-content: center;      align-content: center;      flex-direction: column;      opacity: 0;    }\t      #bwg_container1_0 #bwg_container2_0 .bwg-container-0.bwg-standard-thumbnails .bwg-title2,    #bwg_container1_0 #bwg_container2_0 .bwg-container-0.bwg-standard-thumbnails .bwg-ecommerce2 {      color: #FFFFFF;      font-family: Ubuntu;      font-size: 16px;      font-weight: bold;      padding: 2px;      text-shadow: ;      max-height: 100%;    }    #bwg_container1_0 #bwg_container2_0 .bwg-container-0.bwg-standard-thumbnails .bwg-thumb-description span {    color: #323A45;    font-family: Ubuntu;    font-size: 12px;    max-height: 100%;    word-wrap: break-word;    }    #bwg_container1_0 #bwg_container2_0 .bwg-container-0.bwg-standard-thumbnails .bwg-play-icon2 {      font-size: 32px;    }    #bwg_container1_0 #bwg_container2_0 .bwg-container-0.bwg-standard-thumbnails .bwg-ecommerce2 {      font-size: 19.2px;      color: #323A45;    }    <\/style>    <div id=\"bwg_container1_0\"         class=\"bwg_container bwg_thumbnail bwg_thumbnails \"         data-right-click-protection=\"0\"         data-bwg=\"0\"         data-scroll=\"0\"         data-gallery-type=\"thumbnails\"         data-gallery-view-type=\"thumbnails\"         data-current-url=\"\/jahresbericht22-23\/wp-json\/wp\/v2\/pages\/92\"         data-lightbox-url=\"https:\/\/ksr-lu.ch\/jahresbericht22-23\/wp-admin\/admin-ajax.php?action=GalleryBox&#038;current_view=0&#038;gallery_id=22&#038;tag=0&#038;theme_id=1&#038;shortcode_id=46&#038;sort_by=order&#038;order_by=asc&#038;current_url=%2Fjahresbericht22-23%2Fwp-json%2Fwp%2Fv2%2Fpages%2F92\"         data-gallery-id=\"22\"         data-popup-width=\"800\"         data-popup-height=\"500\"         data-is-album=\"gallery\"         data-buttons-position=\"bottom\">      <div id=\"bwg_container2_0\">             <div id=\"ajax_loading_0\" class=\"bwg_loading_div_1\">      <div class=\"bwg_loading_div_2\">        <div class=\"bwg_loading_div_3\">          <div id=\"loading_div_0\" class=\"bwg_spider_ajax_loading\">          <\/div>        <\/div>      <\/div>    <\/div>            <form id=\"gal_front_form_0\"              class=\"bwg-hidden\"              method=\"post\"              action=\"#\"              data-current=\"0\"              data-shortcode-id=\"46\"              data-gallery-type=\"thumbnails\"              data-gallery-id=\"22\"              data-tag=\"0\"              data-album-id=\"0\"              data-theme-id=\"1\"              data-ajax-url=\"https:\/\/ksr-lu.ch\/jahresbericht22-23\/wp-admin\/admin-ajax.php?action=bwg_frontend_data\">          <div id=\"bwg_container3_0\" class=\"bwg-background bwg-background-0\">                <div data-max-count=\"5\"         data-thumbnail-width=\"250\"         data-bwg=\"0\"         data-gallery-id=\"22\"         data-lightbox-url=\"https:\/\/ksr-lu.ch\/jahresbericht22-23\/wp-admin\/admin-ajax.php?action=GalleryBox&amp;current_view=0&amp;gallery_id=22&amp;tag=0&amp;theme_id=1&amp;shortcode_id=46&amp;sort_by=order&amp;order_by=asc&amp;current_url=%2Fjahresbericht22-23%2Fwp-json%2Fwp%2Fv2%2Fpages%2F92\"         id=\"bwg_thumbnails_0\"         class=\"bwg-container-0 bwg-thumbnails bwg-standard-thumbnails bwg-container bwg-border-box\">            <div class=\"bwg-item\">        <a class=\"bwg-a  bwg_lightbox\"  data-image-id=\"56\" href=\"https:\/\/ksr-lu.ch\/jahresbericht22-23\/wp-content\/uploads\/sites\/197\/photo-gallery\/imported_from_media_libray\/Informationshalbtag.jpg?bwg=1693665628\" data-elementor-open-lightbox=\"no\">                <div class=\"bwg-item0 \">          <div class=\"bwg-item1 bwg-zoom-effect\">            <div class=\"bwg-item2\">              <img class=\"skip-lazy bwg_standart_thumb_img_0 \"                   data-id=\"56\"                   data-width=\"500.00\"                   data-height=\"333.00\"                   data-src=\"https:\/\/ksr-lu.ch\/jahresbericht22-23\/wp-content\/uploads\/sites\/197\/photo-gallery\/imported_from_media_libray\/thumb\/Informationshalbtag.jpg?bwg=1693665628\"                   src=\"https:\/\/ksr-lu.ch\/jahresbericht22-23\/wp-content\/uploads\/sites\/197\/photo-gallery\/imported_from_media_libray\/thumb\/Informationshalbtag.jpg?bwg=1693665628\"                   alt=\"Informationshalbtag vom 5. November 2022\"                   title=\"Informationshalbtag vom 5. November 2022\" \/>            <\/div>            <div class=\"bwg-zoom-effect-overlay\">              <div class=\"bwg-title1\"><div class=\"bwg-title2\">Informationshalbtag vom 5. November 2022<\/div><\/div>                                        <\/div>          <\/div>        <\/div>                        <\/a>              <\/div>            <div class=\"bwg-item\">        <a class=\"bwg-a  bwg_lightbox\"  data-image-id=\"57\" href=\"https:\/\/ksr-lu.ch\/jahresbericht22-23\/wp-content\/uploads\/sites\/197\/photo-gallery\/imported_from_media_libray\/Begruessungsnachmittag.jpg?bwg=1693665628\" data-elementor-open-lightbox=\"no\">                <div class=\"bwg-item0 \">          <div class=\"bwg-item1 bwg-zoom-effect\">            <div class=\"bwg-item2\">              <img class=\"skip-lazy bwg_standart_thumb_img_0 \"                   data-id=\"57\"                   data-width=\"500.00\"                   data-height=\"333.00\"                   data-src=\"https:\/\/ksr-lu.ch\/jahresbericht22-23\/wp-content\/uploads\/sites\/197\/photo-gallery\/imported_from_media_libray\/thumb\/Begruessungsnachmittag.jpg?bwg=1693665628\"                   src=\"https:\/\/ksr-lu.ch\/jahresbericht22-23\/wp-content\/uploads\/sites\/197\/photo-gallery\/imported_from_media_libray\/thumb\/Begruessungsnachmittag.jpg?bwg=1693665628\"                   alt=\"Begr\u00fcssungsnachmittag vom 21. Juni 2023 der Klasse U23f\"                   title=\"Begr\u00fcssungsnachmittag vom 21. Juni 2023 der Klasse U23f\" \/>            <\/div>            <div class=\"bwg-zoom-effect-overlay\">              <div class=\"bwg-title1\"><div class=\"bwg-title2\">Begr\u00fcssungsnachmittag vom 21. Juni 2023 der Klasse U23f<\/div><\/div>                                        <\/div>          <\/div>        <\/div>                        <\/a>              <\/div>          <\/div>    <style>      \/*pagination styles*\/      #bwg_container1_0 #bwg_container2_0 .tablenav-pages_0 {\t\t\t\ttext-align: center;\t\t\t\tfont-size: 12px;\t\t\t\tfont-family: Ubuntu;\t\t\t\tfont-weight: bold;\t\t\t\tcolor: #666666;\t\t\t\tmargin: 6px 0 4px;\t\t\t\tdisplay: block;      }      @media only screen and (max-width : 320px) {      #bwg_container1_0 #bwg_container2_0 .displaying-num_0 {     \t display: none;      }      }      #bwg_container1_0 #bwg_container2_0 .displaying-num_0 {\t\t\t\tfont-size: 12px;\t\t\t\tfont-family: Ubuntu;\t\t\t\tfont-weight: bold;\t\t\t\tcolor: #666666;\t\t\t\tmargin-right: 10px;\t\t\t\tvertical-align: middle;      }      #bwg_container1_0 #bwg_container2_0 .paging-input_0 {\t\t\t\tfont-size: 12px;\t\t\t\tfont-family: Ubuntu;\t\t\t\tfont-weight: bold;\t\t\t\tcolor: #666666;\t\t\t\tvertical-align: middle;      }      #bwg_container1_0 #bwg_container2_0 .tablenav-pages_0 a.disabled,      #bwg_container1_0 #bwg_container2_0 .tablenav-pages_0 a.disabled:hover,      #bwg_container1_0 #bwg_container2_0 .tablenav-pages_0 a.disabled:focus,\t\t\t#bwg_container1_0 #bwg_container2_0 .tablenav-pages_0 input.bwg_current_page {\t\t\t\tcursor: default;\t\t\t\tcolor: rgba(102, 102, 102, 0.5);      }      #bwg_container1_0 #bwg_container2_0 .tablenav-pages_0 a,      #bwg_container1_0 #bwg_container2_0 .tablenav-pages_0 input.bwg_current_page {\t\t\t\tcursor: pointer;\t\t\t\ttext-align: center;\t\t\t\tfont-size: 12px;\t\t\t\tfont-family: Ubuntu;\t\t\t\tfont-weight: bold;\t\t\t\tcolor: #666666;\t\t\t\ttext-decoration: none;\t\t\t\tpadding: 3px 6px;\t\t\t\tmargin: 0;\t\t\t\tborder-radius: 0;\t\t\t\tborder-style: solid;\t\t\t\tborder-width: 1px;\t\t\t\tborder-color: #E3E3E3;\t\t\t\t\t\t\t\tbackground-color: rgba(255, 255, 255, 1.00);\t\t\t\tbox-shadow: 0;\t\t\t\ttransition: all 0.3s ease 0s;-webkit-transition: all 0.3s ease 0s;      }      <\/style>      <span class=\"bwg_nav_cont_0\">              <div class=\"tablenav-pages_0\">                  <\/div>                <input type=\"hidden\" id=\"page_number_0\" name=\"page_number_0\" value=\"1\" \/>      <script type=\"text\/javascript\">        if( jQuery('.bwg_nav_cont_0').length > 1 ) {          jQuery('.bwg_nav_cont_0').first().remove()        }        function spider_page_0(cur, x, y, load_more) {          if (typeof load_more == \"undefined\") {            var load_more = false;          }          if (jQuery(cur).hasClass('disabled')) {            return false;          }          var items_county_0 = 1;          switch (y) {            case 1:              if (x >= items_county_0) {                document.getElementById('page_number_0').value = items_county_0;              }              else {                document.getElementById('page_number_0').value = x + 1;              }              break;            case 2:              document.getElementById('page_number_0').value = items_county_0;              break;            case -1:              if (x == 1) {                document.getElementById('page_number_0').value = 1;              }              else {                document.getElementById('page_number_0').value = x - 1;              }              break;            case -2:              document.getElementById('page_number_0').value = 1;              break;\t\t\t\t\t\tcase 0:              document.getElementById('page_number_0').value = x;              break;            default:              document.getElementById('page_number_0').value = 1;          }          bwg_ajax('gal_front_form_0', '0', 'bwg_thumbnails_0', '0', '', 'gallery', 0, '', '', load_more, '', 1);        }                    jQuery('.first-page-0').on('click', function () {              spider_page_0(this, 1, -2, 'numeric');              return false;            });            jQuery('.prev-page-0').on('click', function () {              spider_page_0(this, 1, -1, 'numeric');              return false;            });            jQuery('.next-page-0').on('click', function () {              spider_page_0(this, 1, 1, 'numeric');              return false;            });            jQuery('.last-page-0').on('click', function () {              spider_page_0(this, 1, 2, 'numeric');              return false;            });        \t\t\t\t\/* Change page on input enter. *\/        function bwg_change_page_0( e, that ) {          if (  e.key == 'Enter' ) {            var to_page = parseInt(jQuery(that).val());            var pages_count = jQuery(that).parents(\".pagination-links\").data(\"pages-count\");            var current_url_param = jQuery(that).attr('data-url-info');            if (to_page > pages_count) {              to_page = 1;            }\t \t\t\t\t\t\t\t\t\t\t\t\tspider_page_0(this, to_page, 0, 'numeric');\t\t\t\t\t\t\treturn false;\t\t\t\t\t\t          }          return true;        }        jQuery('.bwg_load_btn_0').on('click', function () {            spider_page_0(this, 1, 1, true);            return false;        });      <\/script>      <\/span>                <\/div>        <\/form>        <style>          #bwg_container1_0 #bwg_container2_0 #spider_popup_overlay_0 {          background-color: #EEEEEE;          opacity: 0.60;          }          <\/style>        <div id=\"bwg_spider_popup_loading_0\" class=\"bwg_spider_popup_loading\"><\/div>        <div id=\"spider_popup_overlay_0\" class=\"spider_popup_overlay\" onclick=\"spider_destroypopup(1000)\"><\/div>        <input type=\"hidden\" id=\"bwg_random_seed_0\" value=\"1688850365\">                <\/div>    <\/div>    <script>      if (document.readyState === 'complete') {        if( typeof bwg_main_ready == 'function' ) {          if ( jQuery(\"#bwg_container1_0\").height() ) {            bwg_main_ready(jQuery(\"#bwg_container1_0\"));          }        }      } else {        document.addEventListener('DOMContentLoaded', function() {          if( typeof bwg_main_ready == 'function' ) {            if ( jQuery(\"#bwg_container1_0\").height() ) {             bwg_main_ready(jQuery(\"#bwg_container1_0\"));            }          }        });      }    <\/script>    \n\n\n\n<p>Mit Sicherheit war f\u00fcr No\u00e9 der vierte und zugleich letzte Anlass der Wichtigste. An einem Mittwochnachmittag im Juni wurden alle neuen Erstkl\u00e4sslerinnen und Erstkl\u00e4ssler an der Kantonsschule Reussb\u00fchl begr\u00fcsst. Dort lernten sie ihre neuen Klassenlehrpersonen und die neuen Mitsch\u00fclerinnen und Mitsch\u00fcler kennen. Zusammen mit drei Jungs aus seiner jetzigen Klasse fuhr No\u00e9 mit dem Velo von Emmenbr\u00fccke nach Reussb\u00fchl, so wie er es die kommenden sechs Jahre machen wird. Bei der Kantonsschule angekommen, versammelten sich die Kinder klassenweise. Im Klassenzimmer machten sie Kennenlernspiele. Die Klassenlehrerin stellte sich ebenfalls vor. No\u00e9 erfuhr, dass sie in Z\u00fcrich wohnt und gerne rudert. Zusammen schauten sie einen m\u00f6glichen Stundenplan an und wie man diesen lesen soll. Auf einem Zettel notierte sich No\u00e9 den Treffpunkt am 1. Schultag und was er alles mitbringen soll. Nach einem feinen offerierten Zvieri fuhren No\u00e9 und seine Freunde wieder nach Hause. Noch genau zwei Monate bis zum Schulstart!<\/p>\n\n\n\n<p>Jetzt, wo das Ende der Primarschulzeit naht, wird No\u00e9 immer h\u00e4ufiger gefragt, auf was er sich denn am meisten freue. No\u00e9 meint jeweils, dass er sich auf alles freue: auf die Klasse, auf die neuen Lehrpersonen und die neuen F\u00e4cher. Am allermeisten freut er sich aber auf die F\u00e4cher Informatik und Mathematik. Seit No\u00e9 im Fernsehen den Beitrag \u00fcber Minecraft KSR gesehen hat, m\u00f6chte er in der 3. Kanti unbedingt ins Freifach Programmieren. Zudem m\u00f6chte er mit dem Cello auch mal im Orchester der Kantonsschule Reussb\u00fchl spielen.<\/p>\n\n\n\n<p>Bestimmt wird es f\u00fcr No\u00e9 eine spannende und lehrreiche Zeit. Als Eltern freuen wir uns zusammen mit No\u00e9 auf den neuen Abschnitt und sind gespannt, ob er dann nach der Matura wirklich Programmierer oder Ingenieur werden m\u00f6chte oder sein Weg doch ganz anders verl\u00e4uft.<\/p>\n<!-- PMB print buttons is only displayed on a single post\/page URLs-->","protected":false},"excerpt":{"rendered":"<p>Andrea Mathys Mutter von No\u00e9 Mathys aus der U23f Schon lange ist sich No\u00e9 sicher, dass er nach der Primarschule an die Kantonsschule Reussb\u00fchl wechseln m\u00f6chte. Die einzelnen Informations- und Kennenlernanl\u00e4sse an der Kantonsschule Reussb\u00fchl best\u00e4tigten ihn in seinem Entschluss. Auch wir als Eltern erhielten in den letzten Monaten einen guten \u00dcberblick dar\u00fcber, was No\u00e9 [&hellip;]<\/p>\n","protected":false},"author":218,"featured_media":0,"parent":0,"menu_order":0,"comment_status":"closed","ping_status":"closed","template":"","meta":[],"categories":[9],"tags":[],"_links":{"self":[{"href":"https:\/\/ksr-lu.ch\/jahresbericht22-23\/wp-json\/wp\/v2\/pages\/92"}],"collection":[{"href":"https:\/\/ksr-lu.ch\/jahresbericht22-23\/wp-json\/wp\/v2\/pages"}],"about":[{"href":"https:\/\/ksr-lu.ch\/jahresbericht22-23\/wp-json\/wp\/v2\/types\/page"}],"author":[{"embeddable":true,"href":"https:\/\/ksr-lu.ch\/jahresbericht22-23\/wp-json\/wp\/v2\/users\/218"}],"replies":[{"embeddable":true,"href":"https:\/\/ksr-lu.ch\/jahresbericht22-23\/wp-json\/wp\/v2\/comments?post=92"}],"version-history":[{"count":11,"href":"https:\/\/ksr-lu.ch\/jahresbericht22-23\/wp-json\/wp\/v2\/pages\/92\/revisions"}],"predecessor-version":[{"id":1063,"href":"https:\/\/ksr-lu.ch\/jahresbericht22-23\/wp-json\/wp\/v2\/pages\/92\/revisions\/1063"}],"wp:attachment":[{"href":"https:\/\/ksr-lu.ch\/jahresbericht22-23\/wp-json\/wp\/v2\/media?parent=92"}],"wp:term":[{"taxonomy":"category","embeddable":true,"href":"https:\/\/ksr-lu.ch\/jahresbericht22-23\/wp-json\/wp\/v2\/categories?post=92"},{"taxonomy":"post_tag","embeddable":true,"href":"https:\/\/ksr-lu.ch\/jahresbericht22-23\/wp-json\/wp\/v2\/tags?post=92"}],"curies":[{"name":"wp","href":"https:\/\/api.w.org\/{rel}","templated":true}]}}