{"id":570,"date":"2023-07-25T18:53:45","date_gmt":"2023-07-25T16:53:45","guid":{"rendered":"https:\/\/ksr-lu.ch\/jahresberichte\/?page_id=570"},"modified":"2023-09-06T09:58:25","modified_gmt":"2023-09-06T07:58:25","slug":"organisation-2","status":"publish","type":"page","link":"https:\/\/ksr-lu.ch\/jahresbericht22-23\/organisation-2\/","title":{"rendered":"Organisation"},"content":{"rendered":"\n<p class=\"has-vivid-red-color has-text-color\"><strong>Schulkommission Subkommission KSR<\/strong><\/p>\n\n\n\n<p>Letizia A. Ineichen, Dr. phil., Udligenswil, Pr\u00e4sidentin<br>Patrick Brigger, Dr. \u00e8s sc., Luzern<br>Rapha\u00ebl Haas, Dr. iur., Luzern<br>Priska Jossen, Lic. phil., Luzern<br>Dejan Djokic, ICT Projekt Manager, Luzern<br>Liliane Wiler, MAS Schulmanagement, Luzern<\/p>\n\n\n\n<p class=\"has-vivid-red-color has-text-color\"><strong>Vertreter des Bildungs- und Kulturdepartements<\/strong><\/p>\n\n\n\n<p>Simon D\u00f6rig, Leiter Dienststelle Gymnasialbildung, Meggen<\/p>\n\n\n\n<p class=\"has-vivid-red-color has-text-color\"><strong>Schulleitung KSR<\/strong><\/p>\n\n\n\n<figure class=\"wp-block-table\"><table><tbody><tr><td><strong>Rektorin<\/strong><strong><\/strong><\/td><td>Annette Studer, lic. phil., Luzern<strong><\/strong><\/td><\/tr><tr><td><strong>Prorektoren<\/strong><\/td><td>Reto Eichenberger, Master of Science, Luzern <br>Berger Cyrille, MA, Mosen<\/td><\/tr><tr><td><strong>Prorektorin<\/strong><strong><\/strong><\/td><td>Irene Gerber, lic. phil., Rothenburg<\/td><\/tr><\/tbody><\/table><\/figure>\n\n\n\n<p class=\"has-vivid-red-color has-text-color\"><strong>Schulkommission Subkommission MSE<\/strong><\/p>\n\n\n\n<p>Mirjam Schwegler, lic. phil., Sursee, Pr\u00e4sidentin<br>Peter Blum, Dr. sc. math. ETH, Luzern<br>Urs Weidmann, Dr. phil. nat., Untersiggenthal<\/p>\n\n\n\n<p class=\"has-vivid-red-color has-text-color\"><strong>Schulleiter MSE<\/strong><\/p>\n\n\n\n<p>Luigi Brovelli, Dr. sc. nat. ETH, Luzern<\/p>\n\n\n\n<p class=\"has-vivid-red-color has-text-color\"><strong>Forum KSR<\/strong><\/p>\n\n\n\n<p>Irina Bayer, Neuenkirch<br>Regula Bisang, Hellb\u00fchl<br>Edith Bollhalder, Luzern<br>Andreas Camenisch, Adligenswil<br>Urs Fischer, Z\u00fcrich<br>Patrik Huser, Arth<br>Eliane Nater, Horw<br>Maria Chiara Paravicini Bagliani, Luzern<br>Ladina Schneider, Emmenbr\u00fccke<br>Patricia Sies, Sursee<br>Von der Schulleitung: Annette Studer, Irene Gerber<\/p>\n\n\n\n<p class=\"has-vivid-red-color has-text-color\"><strong>Verwaltung<\/strong><\/p>\n\n\n\n<figure class=\"wp-block-table\"><table><tbody><tr><td><strong>Leiterin Zentrale Dienste<\/strong><strong><\/strong><\/td><td>Katja H\u00e4fliger, Luzern (in Ausbildung)<strong><\/strong><\/td><\/tr><tr><td><strong>Sekret\u00e4rinnen Gymnasium<\/strong><\/td><td>Heidi Lienhard, Rotkreuz (Leiterin) (ab 1.10.2022) <br>Sandra Ottiger, Rothenburg <br>Raissa Kramer, Luzern <br>Jacqueline Graf, Emmenbr\u00fccke<\/td><\/tr><tr><td><strong>Rechnungswesen<\/strong><\/td><td>Silvana Glur, Adligenswil<\/td><\/tr><tr><td><strong>Sekret\u00e4rin MSE<\/strong><strong><\/strong><\/td><td>Martha Zurfluh, Dietwil<\/td><\/tr><tr><td><strong>Stundenplanerin<\/strong><\/td><td>Regula Wiederkehr, Luzern<\/td><\/tr><tr><td><strong>Bibliothekarin<\/strong><\/td><td>Yvonne Zulian, Emmenbr\u00fccke (Leiterin)<\/td><\/tr><tr><td><strong>Assistentin Chemie<\/strong><\/td><td>Janine Amberg, Neuenkirch<\/td><\/tr><tr><td><strong>Assistentinnen Biologie<\/strong><\/td><td>Sandra Amstutz, Kriens Annette Hug, Rain<\/td><\/tr><tr><td><strong>Support Informatik<\/strong><\/td><td>Andr\u00e9 Nierhaus, Buttisholz<\/td><\/tr><tr><td><strong>Hauswarte<\/strong><\/td><td>Roland Wechsler, Luzern (Leiter) <br>Peter Burri, Schachen LU <br>Marco Peter, Kriens <br>Zdravko Dujic, Luzern <br>Armin Kunz, Wolhusen und Patrick Raufer, Luzern (Lehrlinge)<\/td><\/tr><\/tbody><\/table><\/figure>\n\n\n\n<figure class=\"wp-block-image size-large is-style-default\"><img width=\"1024\" height=\"683\" src=\"http:\/\/ksr-lu.ch\/jahresbericht22-23\/wp-content\/uploads\/sites\/190\/2023\/07\/Organisation-1024x683.jpg\" alt=\"\" class=\"wp-image-567\" srcset=\"https:\/\/ksr-lu.ch\/jahresbericht22-23\/wp-content\/uploads\/sites\/197\/2023\/07\/Organisation-1024x683.jpg 1024w, https:\/\/ksr-lu.ch\/jahresbericht22-23\/wp-content\/uploads\/sites\/197\/2023\/07\/Organisation-300x200.jpg 300w, https:\/\/ksr-lu.ch\/jahresbericht22-23\/wp-content\/uploads\/sites\/197\/2023\/07\/Organisation-768x512.jpg 768w, https:\/\/ksr-lu.ch\/jahresbericht22-23\/wp-content\/uploads\/sites\/197\/2023\/07\/Organisation.jpg 1500w\" sizes=\"(max-width: 1024px) 100vw, 1024px\" \/><figcaption>Die Schulleitung<\/figcaption><\/figure>\n<!-- PMB print buttons is only displayed on a single post\/page URLs-->","protected":false},"excerpt":{"rendered":"<p>Schulkommission Subkommission KSR Letizia A. Ineichen, Dr. phil., Udligenswil, Pr\u00e4sidentinPatrick Brigger, Dr. \u00e8s sc., LuzernRapha\u00ebl Haas, Dr. iur., LuzernPriska Jossen, Lic. phil., LuzernDejan Djokic, ICT Projekt Manager, LuzernLiliane Wiler, MAS Schulmanagement, Luzern Vertreter des Bildungs- und Kulturdepartements Simon D\u00f6rig, Leiter Dienststelle Gymnasialbildung, Meggen Schulleitung KSR Rektorin Annette Studer, lic. phil., Luzern Prorektoren Reto Eichenberger, Master [&hellip;]<\/p>\n","protected":false},"author":218,"featured_media":0,"parent":0,"menu_order":0,"comment_status":"closed","ping_status":"closed","template":"","meta":[],"categories":[12],"tags":[],"_links":{"self":[{"href":"https:\/\/ksr-lu.ch\/jahresbericht22-23\/wp-json\/wp\/v2\/pages\/570"}],"collection":[{"href":"https:\/\/ksr-lu.ch\/jahresbericht22-23\/wp-json\/wp\/v2\/pages"}],"about":[{"href":"https:\/\/ksr-lu.ch\/jahresbericht22-23\/wp-json\/wp\/v2\/types\/page"}],"author":[{"embeddable":true,"href":"https:\/\/ksr-lu.ch\/jahresbericht22-23\/wp-json\/wp\/v2\/users\/218"}],"replies":[{"embeddable":true,"href":"https:\/\/ksr-lu.ch\/jahresbericht22-23\/wp-json\/wp\/v2\/comments?post=570"}],"version-history":[{"count":3,"href":"https:\/\/ksr-lu.ch\/jahresbericht22-23\/wp-json\/wp\/v2\/pages\/570\/revisions"}],"predecessor-version":[{"id":969,"href":"https:\/\/ksr-lu.ch\/jahresbericht22-23\/wp-json\/wp\/v2\/pages\/570\/revisions\/969"}],"wp:attachment":[{"href":"https:\/\/ksr-lu.ch\/jahresbericht22-23\/wp-json\/wp\/v2\/media?parent=570"}],"wp:term":[{"taxonomy":"category","embeddable":true,"href":"https:\/\/ksr-lu.ch\/jahresbericht22-23\/wp-json\/wp\/v2\/categories?post=570"},{"taxonomy":"post_tag","embeddable":true,"href":"https:\/\/ksr-lu.ch\/jahresbericht22-23\/wp-json\/wp\/v2\/tags?post=570"}],"curies":[{"name":"wp","href":"https:\/\/api.w.org\/{rel}","templated":true}]}}