{"id":502,"date":"2023-07-25T17:12:43","date_gmt":"2023-07-25T15:12:43","guid":{"rendered":"https:\/\/ksr-lu.ch\/jahresberichte\/?page_id=502"},"modified":"2023-09-17T12:29:29","modified_gmt":"2023-09-17T10:29:29","slug":"auszuege-aus-der-maturarede-von-prof-dr-manuel-menrath","status":"publish","type":"page","link":"https:\/\/ksr-lu.ch\/jahresbericht22-23\/auszuege-aus-der-maturarede-von-prof-dr-manuel-menrath\/","title":{"rendered":"Ausz\u00fcge aus der Maturarede von Prof. Dr. Manuel Menrath"},"content":{"rendered":"\n<div class=\"wp-block-image is-style-default\"><figure class=\"alignright size-large is-resized\"><img src=\"http:\/\/ksr-lu.ch\/jahresbericht22-23\/wp-content\/uploads\/sites\/190\/2023\/07\/Prof.-Dr.-Manuel-Menrath-e1693728028310-887x1024.jpg\" alt=\"\" class=\"wp-image-485\" width=\"222\" height=\"256\" srcset=\"https:\/\/ksr-lu.ch\/jahresbericht22-23\/wp-content\/uploads\/sites\/197\/2023\/07\/Prof.-Dr.-Manuel-Menrath-e1693728028310-887x1024.jpg 887w, https:\/\/ksr-lu.ch\/jahresbericht22-23\/wp-content\/uploads\/sites\/197\/2023\/07\/Prof.-Dr.-Manuel-Menrath-e1693728028310-260x300.jpg 260w, https:\/\/ksr-lu.ch\/jahresbericht22-23\/wp-content\/uploads\/sites\/197\/2023\/07\/Prof.-Dr.-Manuel-Menrath-e1693728028310-768x887.jpg 768w, https:\/\/ksr-lu.ch\/jahresbericht22-23\/wp-content\/uploads\/sites\/197\/2023\/07\/Prof.-Dr.-Manuel-Menrath-e1693728028310.jpg 1090w\" sizes=\"(max-width: 222px) 100vw, 222px\" \/><figcaption>Prof. Dr. Manuel Menrath<\/figcaption><\/figure><\/div>\n\n\n\n<p>\u00abMaturitas\u00bb bedeutet \u00abReife\u00bb. Shakespeare hielt einst fest: \u00abRipeness is all\u00bb. Wie ein gereifter Apfel, der vom Baum f\u00e4llt, verlassen Sie nun die Kantonsschule Reussb\u00fchl, um in einen neuen Lebensabschnitt zu treten. Reife ist aber auch stets mit \u00fcberwundenem Leid verbunden. Sie mussten in den letzten Jahren regelm\u00e4ssig f\u00fcr Pr\u00fcfungen lernen, egal wie sch\u00f6n das Wetter war und wie sehr das Schwimmbad lockte. Oder sie mussten sich mit F\u00e4chern auseinandersetzen, die Ihnen nicht besonders lagen. Doch nach Ihrem mehrj\u00e4hrigen gymnasialen Reifungsprozess k\u00f6nnen Sie nun beispielsweise an einer Universit\u00e4t ein Fach w\u00e4hlen, das Sie besonders interessiert. Oder Sie gehen zun\u00e4chst auf eine Reise, um neue Kulturen kennen zu lernen. <\/p>\n\n\n\n<p>Wie auch immer. Zwei Dinge m\u00f6chte ich Ihnen mit auf den Weg geben. Erweitern Sie erstens Ihr Allgemeinwissen weiterhin und n\u00e4hren Sie auch einige Ihrer Talente, die k\u00fcnftig nicht direkt mit Ihrer Weiterbildung zu tun haben. Denn in der Diversit\u00e4t der Welt schadet es nie, gelegentlich \u00fcber den eigenen Horizont hinauszublicken. Und versuchen Sie zweitens als Spezialistinnen und Spezialisten auf Ihrem k\u00fcnftigen Fachgebiet auch immer der Allgemeinheit etwas zur\u00fcckzugeben. Denn die Gesellschaft, die Ihnen Ihre Ausbildung erm\u00f6glicht hat, kann nur gesund funktionieren, wenn sich alle mit ihren besten F\u00e4higkeiten hin und wieder f\u00fcr sie engagieren. Dazu m\u00f6chte ich zwei Beispiele bringen, wof\u00fcr ich Sie auf eine kurze Reise in den kanadischen Norden, wo indigene Gemeinschaften leben, einlade. [\u2026] F\u00fcr mein letztes Buchprojekt bin ich mit einem Kleinflugzeug in einige ihrer D\u00f6rfer unterhalb der Hudson Bay gereist, um vor Ort mehr \u00fcber ihre Kultur zu erfahren. [\u2026]<\/p>\n\n\n\n<div class=\"wp-block-image is-style-default\"><figure class=\"alignright size-large is-resized\"><img src=\"http:\/\/ksr-lu.ch\/jahresbericht22-23\/wp-content\/uploads\/sites\/190\/2023\/07\/Edmund-Metatawabin.jpg\" alt=\"\" class=\"wp-image-481\" width=\"256\" height=\"205\" srcset=\"https:\/\/ksr-lu.ch\/jahresbericht22-23\/wp-content\/uploads\/sites\/197\/2023\/07\/Edmund-Metatawabin.jpg 1024w, https:\/\/ksr-lu.ch\/jahresbericht22-23\/wp-content\/uploads\/sites\/197\/2023\/07\/Edmund-Metatawabin-300x240.jpg 300w, https:\/\/ksr-lu.ch\/jahresbericht22-23\/wp-content\/uploads\/sites\/197\/2023\/07\/Edmund-Metatawabin-768x614.jpg 768w\" sizes=\"(max-width: 256px) 100vw, 256px\" \/><figcaption>Edmund Metatawabin<\/figcaption><\/figure><\/div>\n\n\n\n<p>Eine meiner ersten Begegnungen im f\u00fcr mich unbekannten Teil Kanadas hatte ich mit Edmund Metatawabin, einem Chief einer Cree First Nation. Ich stellte mich als Historiker aus der Schweiz vor, der zur Geschichte der Indigenen im Norden Kanadas forschen m\u00f6chte. Er musterte mich und sprach: \u00abSo du bist ein Wissenschafter. Weisst du, alle Wissenschaftler, die im letzten Jahrhundert zu uns kamen, haben uns geschadet. Theologen meinten, wir h\u00e4tten keine Religion und m\u00fcssten missioniert werden. Philosophen glaubten, wir seien auf einer unteren Entwicklungsstufe und m\u00fcssten zivilisiert werden. Historiker erkannten unsere Geschichte nicht an. Geologen suchten nach Gold und Bodensch\u00e4tzen, nur um uns sp\u00e4ter das Land wegzunehmen. Anthropologen untersuchten uns und dachten, wir seien eine aussterbende Rasse und man k\u00f6nne uns umsiedeln. Ingenieure haben mit Staumauern unser Land \u00fcberflutet und unsere Fl\u00fcsse umgeleitet. Siehst du diesen Baum? Wir brauchen keine Wissenschaft, um zu wissen, dass er beseelt ist.\u00bb Das ist eingefahren. Und ich merkte, ich muss jetzt den Wissenschaftler ablegen und den Indigenen als Mensch begegnen. Als ich ihnen erz\u00e4hlte, dass ich in der Feuerwehr bin und auch Gitarre spiele, haben sie mir ihr Feuerwehrlokal gezeigt und mich eingeladen, mit ihnen zu musizieren. Schon bald wurde mir eine herzliche Gastfreundschaft entgegengebracht, wie ich sie noch nie erlebte. Die Menschen haben mich aufs Land mitgenommen und mir gezeigt, wie man traditionell jagt und fischt.<\/p>\n<!-- PMB print buttons is only displayed on a single post\/page URLs-->","protected":false},"excerpt":{"rendered":"<p>\u00abMaturitas\u00bb bedeutet \u00abReife\u00bb. Shakespeare hielt einst fest: \u00abRipeness is all\u00bb. Wie ein gereifter Apfel, der vom Baum f\u00e4llt, verlassen Sie nun die Kantonsschule Reussb\u00fchl, um in einen neuen Lebensabschnitt zu treten. Reife ist aber auch stets mit \u00fcberwundenem Leid verbunden. Sie mussten in den letzten Jahren regelm\u00e4ssig f\u00fcr Pr\u00fcfungen lernen, egal wie sch\u00f6n das Wetter [&hellip;]<\/p>\n","protected":false},"author":218,"featured_media":0,"parent":0,"menu_order":0,"comment_status":"closed","ping_status":"closed","template":"","meta":[],"categories":[10],"tags":[],"_links":{"self":[{"href":"https:\/\/ksr-lu.ch\/jahresbericht22-23\/wp-json\/wp\/v2\/pages\/502"}],"collection":[{"href":"https:\/\/ksr-lu.ch\/jahresbericht22-23\/wp-json\/wp\/v2\/pages"}],"about":[{"href":"https:\/\/ksr-lu.ch\/jahresbericht22-23\/wp-json\/wp\/v2\/types\/page"}],"author":[{"embeddable":true,"href":"https:\/\/ksr-lu.ch\/jahresbericht22-23\/wp-json\/wp\/v2\/users\/218"}],"replies":[{"embeddable":true,"href":"https:\/\/ksr-lu.ch\/jahresbericht22-23\/wp-json\/wp\/v2\/comments?post=502"}],"version-history":[{"count":4,"href":"https:\/\/ksr-lu.ch\/jahresbericht22-23\/wp-json\/wp\/v2\/pages\/502\/revisions"}],"predecessor-version":[{"id":865,"href":"https:\/\/ksr-lu.ch\/jahresbericht22-23\/wp-json\/wp\/v2\/pages\/502\/revisions\/865"}],"wp:attachment":[{"href":"https:\/\/ksr-lu.ch\/jahresbericht22-23\/wp-json\/wp\/v2\/media?parent=502"}],"wp:term":[{"taxonomy":"category","embeddable":true,"href":"https:\/\/ksr-lu.ch\/jahresbericht22-23\/wp-json\/wp\/v2\/categories?post=502"},{"taxonomy":"post_tag","embeddable":true,"href":"https:\/\/ksr-lu.ch\/jahresbericht22-23\/wp-json\/wp\/v2\/tags?post=502"}],"curies":[{"name":"wp","href":"https:\/\/api.w.org\/{rel}","templated":true}]}}