{"id":48,"date":"2023-03-23T11:10:45","date_gmt":"2023-03-23T10:10:45","guid":{"rendered":"https:\/\/ksr-lu.ch\/jahresberichte\/?page_id=48"},"modified":"2023-10-07T13:18:05","modified_gmt":"2023-10-07T11:18:05","slug":"unterricht-und-projekte","status":"publish","type":"page","link":"https:\/\/ksr-lu.ch\/jahresbericht22-23\/unterricht-und-projekte\/","title":{"rendered":"Unterricht und Projekte"},"content":{"rendered":"\n<figure class=\"wp-block-gallery columns-3 is-cropped\"><ul class=\"blocks-gallery-grid\"><li class=\"blocks-gallery-item\"><figure><img width=\"1024\" height=\"683\" src=\"http:\/\/ksr-lu.ch\/jahresbericht22-23\/wp-content\/uploads\/sites\/190\/2023\/07\/Unterricht-und-Projekte-2-1024x683.jpg\" alt=\"\" data-id=\"518\" data-full-url=\"http:\/\/ksr-lu.ch\/jahresbericht22-23\/wp-content\/uploads\/sites\/190\/2023\/07\/Unterricht-und-Projekte-2.jpg\" data-link=\"https:\/\/ksr-lu.ch\/jahresberichte\/unterricht-und-projekte-2-2\/\" class=\"wp-image-518\" srcset=\"https:\/\/ksr-lu.ch\/jahresbericht22-23\/wp-content\/uploads\/sites\/197\/2023\/07\/Unterricht-und-Projekte-2-1024x683.jpg 1024w, https:\/\/ksr-lu.ch\/jahresbericht22-23\/wp-content\/uploads\/sites\/197\/2023\/07\/Unterricht-und-Projekte-2-300x200.jpg 300w, https:\/\/ksr-lu.ch\/jahresbericht22-23\/wp-content\/uploads\/sites\/197\/2023\/07\/Unterricht-und-Projekte-2-768x512.jpg 768w, https:\/\/ksr-lu.ch\/jahresbericht22-23\/wp-content\/uploads\/sites\/197\/2023\/07\/Unterricht-und-Projekte-2.jpg 1500w\" sizes=\"(max-width: 1024px) 100vw, 1024px\" \/><\/figure><\/li><li class=\"blocks-gallery-item\"><figure><img width=\"1024\" height=\"683\" src=\"http:\/\/ksr-lu.ch\/jahresbericht22-23\/wp-content\/uploads\/sites\/190\/2023\/07\/Unterricht-und-Projekte-1024x683.jpg\" alt=\"\" data-id=\"517\" data-full-url=\"http:\/\/ksr-lu.ch\/jahresbericht22-23\/wp-content\/uploads\/sites\/190\/2023\/07\/Unterricht-und-Projekte.jpg\" data-link=\"https:\/\/ksr-lu.ch\/jahresberichte\/unterricht-und-projekte-2\/\" class=\"wp-image-517\" srcset=\"https:\/\/ksr-lu.ch\/jahresbericht22-23\/wp-content\/uploads\/sites\/197\/2023\/07\/Unterricht-und-Projekte-1024x683.jpg 1024w, https:\/\/ksr-lu.ch\/jahresbericht22-23\/wp-content\/uploads\/sites\/197\/2023\/07\/Unterricht-und-Projekte-300x200.jpg 300w, https:\/\/ksr-lu.ch\/jahresbericht22-23\/wp-content\/uploads\/sites\/197\/2023\/07\/Unterricht-und-Projekte-768x512.jpg 768w, https:\/\/ksr-lu.ch\/jahresbericht22-23\/wp-content\/uploads\/sites\/197\/2023\/07\/Unterricht-und-Projekte.jpg 1500w\" sizes=\"(max-width: 1024px) 100vw, 1024px\" \/><\/figure><\/li><li class=\"blocks-gallery-item\"><figure><img width=\"1024\" height=\"683\" src=\"http:\/\/ksr-lu.ch\/jahresbericht22-23\/wp-content\/uploads\/sites\/190\/2023\/07\/Unterricht-und-Projekte-4-1024x683.jpg\" alt=\"\" data-id=\"516\" data-full-url=\"http:\/\/ksr-lu.ch\/jahresbericht22-23\/wp-content\/uploads\/sites\/190\/2023\/07\/Unterricht-und-Projekte-4.jpg\" data-link=\"https:\/\/ksr-lu.ch\/jahresberichte\/unterricht-und-projekte-4\/\" class=\"wp-image-516\" srcset=\"https:\/\/ksr-lu.ch\/jahresbericht22-23\/wp-content\/uploads\/sites\/197\/2023\/07\/Unterricht-und-Projekte-4-1024x683.jpg 1024w, https:\/\/ksr-lu.ch\/jahresbericht22-23\/wp-content\/uploads\/sites\/197\/2023\/07\/Unterricht-und-Projekte-4-300x200.jpg 300w, https:\/\/ksr-lu.ch\/jahresbericht22-23\/wp-content\/uploads\/sites\/197\/2023\/07\/Unterricht-und-Projekte-4-768x512.jpg 768w, https:\/\/ksr-lu.ch\/jahresbericht22-23\/wp-content\/uploads\/sites\/197\/2023\/07\/Unterricht-und-Projekte-4-1536x1024.jpg 1536w, https:\/\/ksr-lu.ch\/jahresbericht22-23\/wp-content\/uploads\/sites\/197\/2023\/07\/Unterricht-und-Projekte-4.jpg 2048w\" sizes=\"(max-width: 1024px) 100vw, 1024px\" \/><\/figure><\/li><\/ul><\/figure>\n\n\n\n<p><\/p>\n\n\n\n<p>KSR verbindet<\/p>\n\n\n\n<ul><li><a href=\"https:\/\/ksr-lu.ch\/jahresbericht22-23\/ksr_2gether\/\">KSR_2gether &#8211; ein Experiment mit Wiederholungspotential<\/a><\/li><li><a href=\"https:\/\/ksr-lu.ch\/jahresbericht22-23\/zweitagige-schilw-teambildung-9-und-10-september-2022-in-nottwil\/\">Zweit\u00e4gige SCHILW \u00abTeambildung\u00bb 9. und 10. September 2022 in Nottwil<\/a><\/li><li><a href=\"https:\/\/ksr-lu.ch\/jahresbericht22-23\/solidaritat-mit-den-menschen-in-der-ukraine\/\">Solidarit\u00e4t mit den Menschen in der Ukraine<\/a><\/li><li><a href=\"https:\/\/ksr-lu.ch\/jahresbericht22-23\/wintersporttag\/\">Wintersporttag<\/a><\/li><li><a href=\"https:\/\/ksr-lu.ch\/jahresbericht22-23\/klimawoche\/\">Klimawoche<\/a><\/li><li><a href=\"https:\/\/ksr-lu.ch\/jahresbericht22-23\/euphoria-zwischen-hohenflug-und-absturz-eine-filmische-auseinanderset-zung\/\">Euphoria. Zwischen H\u00f6henflug und Absturz. Eine filmische Auseinandersetzung.<\/a><\/li><\/ul>\n\n\n\n<p><\/p>\n\n\n\n<p>KSR kultiviert<\/p>\n\n\n\n<ul><li><a href=\"https:\/\/ksr-lu.ch\/jahresbericht22-23\/kulturprojekt-florenz\/\">Kulturprojekt Florenz<\/a><\/li><li><a href=\"https:\/\/ksr-lu.ch\/jahresbericht22-23\/rotationswoche-mit-dem-lycee-college-des-creusets-in-sion\/\">Rotationswoche mit dem Lyc\u00e9e-Coll\u00e8ge des Creusets in Sion<\/a><\/li><li><a href=\"https:\/\/ksr-lu.ch\/jahresbericht22-23\/reisebericht-der-musik-studienwoche-in-wien\/\">Reisebericht der Musik-Studienwoche in Wien<\/a><\/li><li><a href=\"https:\/\/ksr-lu.ch\/jahresbericht22-23\/studienreise-der-klasse-l21b-nach-potsdam\/\">Sonderwoche in Potsdam<\/a><\/li><\/ul>\n\n\n\n<p><\/p>\n\n\n\n<p>KSR forscht<\/p>\n\n\n\n<ul><li><a href=\"https:\/\/ksr-lu.ch\/jahresbericht22-23\/der-fachbereich-physik-stellt-sich-vor\/\">Der Fachbereich Physik stellt sich vor<\/a><\/li><li><a href=\"https:\/\/ksr-lu.ch\/jahresbericht22-23\/begabungsfoerderung-an-der-ksr\/\">Begabungsf\u00f6rderung<\/a><\/li><li><a href=\"https:\/\/ksr-lu.ch\/jahresbericht22-23\/minecraft\/\">Die Kantonsschule Reussb\u00fchl ist auf Minecraft!<\/a><\/li><\/ul>\n\n\n\n<p><\/p>\n<!-- PMB print buttons is only displayed on a single post\/page URLs-->","protected":false},"excerpt":{"rendered":"<p>KSR verbindet KSR_2gether &#8211; ein Experiment mit Wiederholungspotential Zweit\u00e4gige SCHILW \u00abTeambildung\u00bb 9. und 10. September 2022 in Nottwil Solidarit\u00e4t mit den Menschen in der Ukraine Wintersporttag Klimawoche Euphoria. Zwischen H\u00f6henflug und Absturz. Eine filmische Auseinandersetzung. KSR kultiviert Kulturprojekt Florenz Rotationswoche mit dem Lyc\u00e9e-Coll\u00e8ge des Creusets in Sion Reisebericht der Musik-Studienwoche in Wien Sonderwoche in Potsdam [&hellip;]<\/p>\n","protected":false},"author":218,"featured_media":0,"parent":0,"menu_order":0,"comment_status":"closed","ping_status":"closed","template":"","meta":[],"categories":[],"tags":[],"_links":{"self":[{"href":"https:\/\/ksr-lu.ch\/jahresbericht22-23\/wp-json\/wp\/v2\/pages\/48"}],"collection":[{"href":"https:\/\/ksr-lu.ch\/jahresbericht22-23\/wp-json\/wp\/v2\/pages"}],"about":[{"href":"https:\/\/ksr-lu.ch\/jahresbericht22-23\/wp-json\/wp\/v2\/types\/page"}],"author":[{"embeddable":true,"href":"https:\/\/ksr-lu.ch\/jahresbericht22-23\/wp-json\/wp\/v2\/users\/218"}],"replies":[{"embeddable":true,"href":"https:\/\/ksr-lu.ch\/jahresbericht22-23\/wp-json\/wp\/v2\/comments?post=48"}],"version-history":[{"count":29,"href":"https:\/\/ksr-lu.ch\/jahresbericht22-23\/wp-json\/wp\/v2\/pages\/48\/revisions"}],"predecessor-version":[{"id":1325,"href":"https:\/\/ksr-lu.ch\/jahresbericht22-23\/wp-json\/wp\/v2\/pages\/48\/revisions\/1325"}],"wp:attachment":[{"href":"https:\/\/ksr-lu.ch\/jahresbericht22-23\/wp-json\/wp\/v2\/media?parent=48"}],"wp:term":[{"taxonomy":"category","embeddable":true,"href":"https:\/\/ksr-lu.ch\/jahresbericht22-23\/wp-json\/wp\/v2\/categories?post=48"},{"taxonomy":"post_tag","embeddable":true,"href":"https:\/\/ksr-lu.ch\/jahresbericht22-23\/wp-json\/wp\/v2\/tags?post=48"}],"curies":[{"name":"wp","href":"https:\/\/api.w.org\/{rel}","templated":true}]}}