{"id":125,"date":"2023-03-23T11:42:22","date_gmt":"2023-03-23T10:42:22","guid":{"rendered":"https:\/\/ksr-lu.ch\/jahresberichte\/?page_id=125"},"modified":"2023-08-31T20:13:40","modified_gmt":"2023-08-31T18:13:40","slug":"rotationswoche-mit-dem-lycee-college-des-creusets-in-sion","status":"publish","type":"page","link":"https:\/\/ksr-lu.ch\/jahresbericht22-23\/rotationswoche-mit-dem-lycee-college-des-creusets-in-sion\/","title":{"rendered":"Rotationswoche mit dem Lyc\u00e9e-Coll\u00e8ge des Creusets in Sion"},"content":{"rendered":"\n<p>Maria Chiara Paravicini Bagliani<br>Lehrperson f\u00fcr Franz\u00f6sisch und Italienisch<br>Austauschverantwortliche der KSR<\/p>\n\n\n\n<p>Im Rahmen des Klassenaustauschprogramms mit unserer Partnerschule in Sion, dem Lyc\u00e9e-Coll\u00e8ge des Creusets, fand von Samstag, 11. M\u00e4rz bis Sonntag, 19. M\u00e4rz 2023 die sogenannte Rotationswoche statt. Die Klasse K22a der Kantonsschule Reussb\u00fchl und die Klasse 1c aus Sion nahmen daran teil. In der ersten Wochenh\u00e4lfte besuchte die H\u00e4lfte der Luzerner Klasse am Lyc\u00e9e Coll\u00e8ge des Creusets und die H\u00e4lfte der Walliser Klasse an der Kantonsschule Reussb\u00fchl den Unterricht. In der zweiten Wochenh\u00e4lfte wurde dann gewechselt.<\/p>\n\n\n\n<p>Nach den zwei Begegnungstagen im November 2022 und Januar 2023 waren f\u00fcr die Austauschwoche jedem Sch\u00fcler und jeder Sch\u00fclerin ein Partner bzw. eine Partnerin aus der Partnerschule zugeordnet worden. Danach tauchten die Sch\u00fclerinnen und Sch\u00fcler jeweils f\u00fcr einige Tage in den Alltag ihres Partners oder ihrer Partnerin ein und wohnten bei dessen bzw. deren Familie. <\/p>\n\n\n\n<div class=\"wp-block-image is-style-default\"><figure class=\"aligncenter size-large is-resized\"><img src=\"http:\/\/ksr-lu.ch\/jahresbericht22-23\/wp-content\/uploads\/sites\/190\/2023\/07\/Begegnungstag-an-der-KSR-1024x683.jpg\" alt=\"\" class=\"wp-image-365\" width=\"768\" height=\"512\" srcset=\"https:\/\/ksr-lu.ch\/jahresbericht22-23\/wp-content\/uploads\/sites\/197\/2023\/07\/Begegnungstag-an-der-KSR-1024x683.jpg 1024w, https:\/\/ksr-lu.ch\/jahresbericht22-23\/wp-content\/uploads\/sites\/197\/2023\/07\/Begegnungstag-an-der-KSR-300x200.jpg 300w, https:\/\/ksr-lu.ch\/jahresbericht22-23\/wp-content\/uploads\/sites\/197\/2023\/07\/Begegnungstag-an-der-KSR-768x512.jpg 768w, https:\/\/ksr-lu.ch\/jahresbericht22-23\/wp-content\/uploads\/sites\/197\/2023\/07\/Begegnungstag-an-der-KSR-1536x1024.jpg 1536w, https:\/\/ksr-lu.ch\/jahresbericht22-23\/wp-content\/uploads\/sites\/197\/2023\/07\/Begegnungstag-an-der-KSR.jpg 2048w\" sizes=\"(max-width: 768px) 100vw, 768px\" \/><figcaption>Begegnungstag an der KSR<\/figcaption><\/figure><\/div>\n\n\n\n<p>Der Austausch bot nicht nur die Gelegenheit, Sprachbarrieren zu \u00fcberwinden. Er erm\u00f6glichte auch eine unvergessliche interkulturelle Erfahrung mit unseren Nachbarinnen und Nachbarn aus der franz\u00f6sischsprachigen Schweiz. Die Sch\u00fclerinnen und Sch\u00fcler hatten die Gelegenheit, pers\u00f6nliche Kontakte zu kn\u00fcpfen und gemeinsam die Region, die Sprache und die Kultur sowie eine neue Schulgemeinschaft kennenzulernen. Im <a href=\"https:\/\/ksreussbuehl.lu.ch\/-\/media\/KSReussbuehl\/Bilder\/Fotogalerien\/Galerien_2022_23\/23_01_31_Austausch_mit_Sion\/00_Videointerview_Sion_V3.mp4?rev=a0b4ac0f4d88427bb93681b6b7688231&amp;hash=A36E8506310F1AFCCFE8F6081C6F8590\">Kurzfilm <\/a>zur Rotationswoche erz\u00e4hlen die Sch\u00fclerinnen und Sch\u00fcler von ihren Erlebnissen und den kulturellen Gemeinsamkeiten und Unterschieden, die ihnen besonders in Erinnerung bleiben werden. <\/p>\n\n\n\n<p>Dieses Projekt wird in Zusammenarbeit mit dem B\u00fcro f\u00fcr Sprachaustausch (BSA) des Kantons Wallis durchgef\u00fchrt und finanziell von der Stiftung Movetia unterst\u00fctzt. Allen beteiligten Familien und Lehrpersonen danken wir f\u00fcr das Erm\u00f6glichen dieser einzigartigen Erfahrung!<\/p>\n<!-- PMB print buttons is only displayed on a single post\/page URLs-->","protected":false},"excerpt":{"rendered":"<p>Maria Chiara Paravicini BaglianiLehrperson f\u00fcr Franz\u00f6sisch und ItalienischAustauschverantwortliche der KSR Im Rahmen des Klassenaustauschprogramms mit unserer Partnerschule in Sion, dem Lyc\u00e9e-Coll\u00e8ge des Creusets, fand von Samstag, 11. M\u00e4rz bis Sonntag, 19. M\u00e4rz 2023 die sogenannte Rotationswoche statt. Die Klasse K22a der Kantonsschule Reussb\u00fchl und die Klasse 1c aus Sion nahmen daran teil. In der ersten [&hellip;]<\/p>\n","protected":false},"author":218,"featured_media":0,"parent":0,"menu_order":0,"comment_status":"closed","ping_status":"closed","template":"","meta":[],"categories":[7,5],"tags":[],"_links":{"self":[{"href":"https:\/\/ksr-lu.ch\/jahresbericht22-23\/wp-json\/wp\/v2\/pages\/125"}],"collection":[{"href":"https:\/\/ksr-lu.ch\/jahresbericht22-23\/wp-json\/wp\/v2\/pages"}],"about":[{"href":"https:\/\/ksr-lu.ch\/jahresbericht22-23\/wp-json\/wp\/v2\/types\/page"}],"author":[{"embeddable":true,"href":"https:\/\/ksr-lu.ch\/jahresbericht22-23\/wp-json\/wp\/v2\/users\/218"}],"replies":[{"embeddable":true,"href":"https:\/\/ksr-lu.ch\/jahresbericht22-23\/wp-json\/wp\/v2\/comments?post=125"}],"version-history":[{"count":6,"href":"https:\/\/ksr-lu.ch\/jahresbericht22-23\/wp-json\/wp\/v2\/pages\/125\/revisions"}],"predecessor-version":[{"id":368,"href":"https:\/\/ksr-lu.ch\/jahresbericht22-23\/wp-json\/wp\/v2\/pages\/125\/revisions\/368"}],"wp:attachment":[{"href":"https:\/\/ksr-lu.ch\/jahresbericht22-23\/wp-json\/wp\/v2\/media?parent=125"}],"wp:term":[{"taxonomy":"category","embeddable":true,"href":"https:\/\/ksr-lu.ch\/jahresbericht22-23\/wp-json\/wp\/v2\/categories?post=125"},{"taxonomy":"post_tag","embeddable":true,"href":"https:\/\/ksr-lu.ch\/jahresbericht22-23\/wp-json\/wp\/v2\/tags?post=125"}],"curies":[{"name":"wp","href":"https:\/\/api.w.org\/{rel}","templated":true}]}}