{"id":123,"date":"2023-03-23T11:41:39","date_gmt":"2023-03-23T10:41:39","guid":{"rendered":"https:\/\/ksr-lu.ch\/jahresberichte\/?page_id=123"},"modified":"2023-09-02T17:24:39","modified_gmt":"2023-09-02T15:24:39","slug":"kulturprojekt-florenz","status":"publish","type":"page","link":"https:\/\/ksr-lu.ch\/jahresbericht22-23\/kulturprojekt-florenz\/","title":{"rendered":"Kulturprojekt Florenz"},"content":{"rendered":"\n<p>Sergio Nocco<br>Lehrperson f\u00fcr Italienisch und Franz\u00f6sisch<\/p>\n\n\n\n<p>Am Montag, 26. September versammelten sich die Teilnehmerinnen und Teilnehmer des Kulturprojekts am Bahnhof Luzern, um ihre Reise in die Toskana anzutreten. Die Gruppe hatte sich am Vorbereitungsnachmittag an der Kantonsschule Reussb\u00fchl auf die Themen dieser kunstgeschichtlichen Exkursion vorbereitet. Unter der Leitung von S. Nocco und M. Tardo wurden die Ziele des Kulturprojekts und die Erwartungen an die Woche n\u00e4her definiert. Die Herbstsonderwochen im Ausland hatten wegen der Covid-Pandemie zwei Jahre lang nicht stattfinden k\u00f6nnen und so freuten sich alle, dieses Jahr wieder an einem Auslandprojekt teilnehmen zu k\u00f6nnen. Die Reise verlief problemlos und nach der Ankunft in Florenz konnten alle ihre Unterkunft beziehen. Unser Gastgeber, Luigi Montaldi, empfing uns mit seinem italienischen Flair und erkl\u00e4rte uns das Wichtigste.<\/p>\n\n\n\n<p>Bereits am Nachmittag begann dann bei sch\u00f6nem Herbstwetter unser Programm in Florenz. Erste Etappen waren die Basilika von Santa Croce, die \u00e4lteste Franziskanerkirche der Welt, die Wallfahrtskirche San Miniato al Monte und der Piazzale Michelangelo, mit seiner atemberaubenden Aussicht auf die Hauptstadt der Toskana, die im 19. Jahrhundert auch Hauptstadt Italiens geworden war. <\/p>\n\n\n\n<figure class=\"wp-block-gallery columns-2\"><ul class=\"blocks-gallery-grid\"><li class=\"blocks-gallery-item\"><figure><img width=\"462\" height=\"1024\" src=\"https:\/\/ksr-lu.ch\/jahresbericht22-23\/wp-content\/uploads\/sites\/197\/2023\/07\/Bronzekopie-des-David-462x1024.jpg\" alt=\"\" data-id=\"360\" data-full-url=\"http:\/\/ksr-lu.ch\/jahresbericht22-23\/wp-content\/uploads\/sites\/190\/2023\/07\/Bronzekopie-des-David.jpg\" data-link=\"https:\/\/ksr-lu.ch\/jahresberichte\/bronzekopie-des-david\/\" class=\"wp-image-360\" srcset=\"https:\/\/ksr-lu.ch\/jahresbericht22-23\/wp-content\/uploads\/sites\/197\/2023\/07\/Bronzekopie-des-David-462x1024.jpg 462w, https:\/\/ksr-lu.ch\/jahresbericht22-23\/wp-content\/uploads\/sites\/197\/2023\/07\/Bronzekopie-des-David-135x300.jpg 135w, https:\/\/ksr-lu.ch\/jahresbericht22-23\/wp-content\/uploads\/sites\/197\/2023\/07\/Bronzekopie-des-David-768x1704.jpg 768w, https:\/\/ksr-lu.ch\/jahresbericht22-23\/wp-content\/uploads\/sites\/197\/2023\/07\/Bronzekopie-des-David-692x1536.jpg 692w, https:\/\/ksr-lu.ch\/jahresbericht22-23\/wp-content\/uploads\/sites\/197\/2023\/07\/Bronzekopie-des-David.jpg 923w\" sizes=\"(max-width: 462px) 100vw, 462px\" \/><figcaption class=\"blocks-gallery-item__caption\">Bronzekopie des David auf dem Piazzale Michelangelo<\/figcaption><\/figure><\/li><li class=\"blocks-gallery-item\"><figure><img width=\"462\" height=\"1024\" src=\"https:\/\/ksr-lu.ch\/jahresbericht22-23\/wp-content\/uploads\/sites\/197\/2023\/07\/Gruppenfoto-vor-der-Basilica-San-Miniato-al-Monte-462x1024.jpg\" alt=\"\" data-id=\"357\" data-full-url=\"http:\/\/ksr-lu.ch\/jahresbericht22-23\/wp-content\/uploads\/sites\/190\/2023\/07\/Gruppenfoto-vor-der-Basilica-San-Miniato-al-Monte.jpg\" data-link=\"https:\/\/ksr-lu.ch\/jahresberichte\/gruppenfoto-vor-der-basilica-san-miniato-al-monte\/\" class=\"wp-image-357\" srcset=\"https:\/\/ksr-lu.ch\/jahresbericht22-23\/wp-content\/uploads\/sites\/197\/2023\/07\/Gruppenfoto-vor-der-Basilica-San-Miniato-al-Monte-462x1024.jpg 462w, https:\/\/ksr-lu.ch\/jahresbericht22-23\/wp-content\/uploads\/sites\/197\/2023\/07\/Gruppenfoto-vor-der-Basilica-San-Miniato-al-Monte-135x300.jpg 135w, https:\/\/ksr-lu.ch\/jahresbericht22-23\/wp-content\/uploads\/sites\/197\/2023\/07\/Gruppenfoto-vor-der-Basilica-San-Miniato-al-Monte-768x1704.jpg 768w, https:\/\/ksr-lu.ch\/jahresbericht22-23\/wp-content\/uploads\/sites\/197\/2023\/07\/Gruppenfoto-vor-der-Basilica-San-Miniato-al-Monte-692x1536.jpg 692w, https:\/\/ksr-lu.ch\/jahresbericht22-23\/wp-content\/uploads\/sites\/197\/2023\/07\/Gruppenfoto-vor-der-Basilica-San-Miniato-al-Monte.jpg 923w\" sizes=\"(max-width: 462px) 100vw, 462px\" \/><figcaption class=\"blocks-gallery-item__caption\">Gruppenfoto vor der Basilica San Miniato al Monte<\/figcaption><\/figure><\/li><li class=\"blocks-gallery-item\"><figure><img width=\"1024\" height=\"462\" src=\"https:\/\/ksr-lu.ch\/jahresbericht22-23\/wp-content\/uploads\/sites\/197\/2023\/07\/Gruppenfoto-auf-dem-Piazzale-Michelangelo-1024x462.jpg\" alt=\"\" data-id=\"355\" data-full-url=\"http:\/\/ksr-lu.ch\/jahresbericht22-23\/wp-content\/uploads\/sites\/190\/2023\/07\/Gruppenfoto-auf-dem-Piazzale-Michelangelo.jpg\" data-link=\"https:\/\/ksr-lu.ch\/jahresberichte\/gruppenfoto-auf-dem-piazzale-michelangelo\/\" class=\"wp-image-355\" srcset=\"https:\/\/ksr-lu.ch\/jahresbericht22-23\/wp-content\/uploads\/sites\/197\/2023\/07\/Gruppenfoto-auf-dem-Piazzale-Michelangelo-1024x462.jpg 1024w, https:\/\/ksr-lu.ch\/jahresbericht22-23\/wp-content\/uploads\/sites\/197\/2023\/07\/Gruppenfoto-auf-dem-Piazzale-Michelangelo-300x135.jpg 300w, https:\/\/ksr-lu.ch\/jahresbericht22-23\/wp-content\/uploads\/sites\/197\/2023\/07\/Gruppenfoto-auf-dem-Piazzale-Michelangelo-768x346.jpg 768w, https:\/\/ksr-lu.ch\/jahresbericht22-23\/wp-content\/uploads\/sites\/197\/2023\/07\/Gruppenfoto-auf-dem-Piazzale-Michelangelo-1536x692.jpg 1536w, https:\/\/ksr-lu.ch\/jahresbericht22-23\/wp-content\/uploads\/sites\/197\/2023\/07\/Gruppenfoto-auf-dem-Piazzale-Michelangelo.jpg 2048w\" sizes=\"(max-width: 1024px) 100vw, 1024px\" \/><figcaption class=\"blocks-gallery-item__caption\">Gruppenfoto auf dem Piazzale Michelangelo<\/figcaption><\/figure><\/li><\/ul><\/figure>\n\n\n\n<p>Am Dienstag entdeckten die Teilnehmenden den Palazzo Medici-Riccardi, den Florentiner Wohnsitz der Familie Medici, die w\u00e4hrend der Renaissance die Stadt und ganz Europa mit ihrer Geldpolitik und ihrem M\u00e4zenatentum grundlegend gepr\u00e4gt hat. Im Dombezirk von Florenz bestiegen die Teilnehmenden die ber\u00fchmte Kuppel des Brunelleschi, einem f\u00fchrenden Bildhauer, Architekt und Ingenieur der Renaissance. Dar\u00fcber hinaus besuchten und bewunderten sie weitere Kunstwerke der Kathedrale, des Glockenturms und des Baptisteriums von Santa Maria del Fiore. In der Mittagspause und am Abend konnten die Teilnehmenden immer wieder die vorz\u00fcglichen Gerichte der toskanischen und italienischen K\u00fcche geniessen, bevor sie sich weiteren kunstgeschichtlichen und kulturellen Themen widmeten, wie z. B. einem klassischen Konzert des Fortissimissimo Firenze Festival.<\/p>\n\n\n\n<div class=\"wp-block-image is-style-default\"><figure class=\"aligncenter size-large is-resized\"><img src=\"http:\/\/ksr-lu.ch\/jahresbericht22-23\/wp-content\/uploads\/sites\/190\/2023\/07\/Piazza-del-Campo-in-Siena-2-1024x462.jpg\" alt=\"\" class=\"wp-image-359\" width=\"768\" height=\"347\" srcset=\"https:\/\/ksr-lu.ch\/jahresbericht22-23\/wp-content\/uploads\/sites\/197\/2023\/07\/Piazza-del-Campo-in-Siena-2-1024x462.jpg 1024w, https:\/\/ksr-lu.ch\/jahresbericht22-23\/wp-content\/uploads\/sites\/197\/2023\/07\/Piazza-del-Campo-in-Siena-2-300x135.jpg 300w, https:\/\/ksr-lu.ch\/jahresbericht22-23\/wp-content\/uploads\/sites\/197\/2023\/07\/Piazza-del-Campo-in-Siena-2-768x346.jpg 768w, https:\/\/ksr-lu.ch\/jahresbericht22-23\/wp-content\/uploads\/sites\/197\/2023\/07\/Piazza-del-Campo-in-Siena-2-1536x692.jpg 1536w, https:\/\/ksr-lu.ch\/jahresbericht22-23\/wp-content\/uploads\/sites\/197\/2023\/07\/Piazza-del-Campo-in-Siena-2.jpg 2048w\" sizes=\"(max-width: 768px) 100vw, 768px\" \/><figcaption>Piazza del Campo in Siena<\/figcaption><\/figure><\/div>\n\n\n\n<p>In dieser Woche waren zwei Exkursionen in weitere St\u00e4dte der Toskana geplant: Am Mittwoch ging es, nach dem Besuch des Klosters San Marco in Florenz, wo das Klosterleben und das Leben und Wirken des Girolamo Savonarola, eines italienischen Dominikaners, Busspredigers und Kirchenreformators thematisiert wurde, nach Siena. <\/p>\n\n\n\n<p>Die mittelgrosse mittelalterliche Stadt ist die Perle der ganzen Region. Sie liegt auf den sanften H\u00fcgeln der Toskana und bietet den Besuchern eine einzigartige Kulisse. Die Besteigung des Rathausturms von Siena (Torre del Mangia) und der Besuch des Doms mit seinem fantastischen Fussboden aus Marmor und der Piccolomini Bibliothek rundeten den Tag ab.<\/p>\n\n\n\n<div class=\"wp-block-image is-style-default\"><figure class=\"alignright size-large is-resized\"><img src=\"http:\/\/ksr-lu.ch\/jahresbericht22-23\/wp-content\/uploads\/sites\/190\/2023\/07\/Der-schiefe-Turm-von-Pisa-610x1024.jpg\" alt=\"\" class=\"wp-image-361\" width=\"305\" height=\"512\" srcset=\"https:\/\/ksr-lu.ch\/jahresbericht22-23\/wp-content\/uploads\/sites\/197\/2023\/07\/Der-schiefe-Turm-von-Pisa-610x1024.jpg 610w, https:\/\/ksr-lu.ch\/jahresbericht22-23\/wp-content\/uploads\/sites\/197\/2023\/07\/Der-schiefe-Turm-von-Pisa-179x300.jpg 179w, https:\/\/ksr-lu.ch\/jahresbericht22-23\/wp-content\/uploads\/sites\/197\/2023\/07\/Der-schiefe-Turm-von-Pisa-768x1289.jpg 768w, https:\/\/ksr-lu.ch\/jahresbericht22-23\/wp-content\/uploads\/sites\/197\/2023\/07\/Der-schiefe-Turm-von-Pisa-915x1536.jpg 915w, https:\/\/ksr-lu.ch\/jahresbericht22-23\/wp-content\/uploads\/sites\/197\/2023\/07\/Der-schiefe-Turm-von-Pisa.jpg 1220w\" sizes=\"(max-width: 305px) 100vw, 305px\" \/><figcaption>Der schiefe Turm von Pisa<\/figcaption><\/figure><\/div>\n\n\n\n<p>Am Donnerstag folgte dann, nach dem Besuch bei der Originalstatue des David von Michelangelo in der Galleria dell \u2018Accademia in Florenz eine Zugreise nach Pisa mit dem ber\u00fchmten schiefen Turm, der Piazza dei Miracoli und dem Baptisterium mit der italienweit besten Akustik. <\/p>\n\n\n\n<p>Schliesslich stand dann am Donnerstagabend das gemeinsame Abendessen als Wochenabschluss auf dem Programm. In einem kleinen und feinen Restaurant in der N\u00e4he des Dombezirks in Florenz konnten alle Teilnehmenden einen gem\u00fctlichen Abend verbringen und das Erlebte nochmals aufleben lassen. Die \u00dcberraschung folgte jedoch beim Verlassen des Lokals. Da gerade ein Gewitter \u00fcber die Stadt zog, mussten alle den schnellsten Weg in die Unterkunft finden, bevor der Regen sie v\u00f6llig durchn\u00e4sste.<\/p>\n\n\n\n<p>Am Freitagmorgen waren dann alle Zimmer ger\u00e4umt und die Koffer gepackt, als sich die Gruppe am Bahnhof von Florenz besammelte um die Heimreise, mit Umsteigen in Mailand und Arth-Goldau anzutreten. P\u00fcnktlich trafen alle am Freitag, 30. September wieder in Luzern ein und verabschiedeten sich voneinander.<\/p>\n\n\n\n<p>Auch das diesj\u00e4hrige Kulturprojekt Florenz, Siena, Pisa hat bestimmt viele gute Erlebnisse, Begegnungen und Erfahrungen erm\u00f6glicht.<\/p>\n<!-- PMB print buttons is only displayed on a single post\/page URLs-->","protected":false},"excerpt":{"rendered":"<p>Sergio NoccoLehrperson f\u00fcr Italienisch und Franz\u00f6sisch Am Montag, 26. September versammelten sich die Teilnehmerinnen und Teilnehmer des Kulturprojekts am Bahnhof Luzern, um ihre Reise in die Toskana anzutreten. Die Gruppe hatte sich am Vorbereitungsnachmittag an der Kantonsschule Reussb\u00fchl auf die Themen dieser kunstgeschichtlichen Exkursion vorbereitet. Unter der Leitung von S. Nocco und M. Tardo wurden [&hellip;]<\/p>\n","protected":false},"author":218,"featured_media":0,"parent":0,"menu_order":0,"comment_status":"closed","ping_status":"closed","template":"","meta":[],"categories":[7,5],"tags":[],"_links":{"self":[{"href":"https:\/\/ksr-lu.ch\/jahresbericht22-23\/wp-json\/wp\/v2\/pages\/123"}],"collection":[{"href":"https:\/\/ksr-lu.ch\/jahresbericht22-23\/wp-json\/wp\/v2\/pages"}],"about":[{"href":"https:\/\/ksr-lu.ch\/jahresbericht22-23\/wp-json\/wp\/v2\/types\/page"}],"author":[{"embeddable":true,"href":"https:\/\/ksr-lu.ch\/jahresbericht22-23\/wp-json\/wp\/v2\/users\/218"}],"replies":[{"embeddable":true,"href":"https:\/\/ksr-lu.ch\/jahresbericht22-23\/wp-json\/wp\/v2\/comments?post=123"}],"version-history":[{"count":9,"href":"https:\/\/ksr-lu.ch\/jahresbericht22-23\/wp-json\/wp\/v2\/pages\/123\/revisions"}],"predecessor-version":[{"id":851,"href":"https:\/\/ksr-lu.ch\/jahresbericht22-23\/wp-json\/wp\/v2\/pages\/123\/revisions\/851"}],"wp:attachment":[{"href":"https:\/\/ksr-lu.ch\/jahresbericht22-23\/wp-json\/wp\/v2\/media?parent=123"}],"wp:term":[{"taxonomy":"category","embeddable":true,"href":"https:\/\/ksr-lu.ch\/jahresbericht22-23\/wp-json\/wp\/v2\/categories?post=123"},{"taxonomy":"post_tag","embeddable":true,"href":"https:\/\/ksr-lu.ch\/jahresbericht22-23\/wp-json\/wp\/v2\/tags?post=123"}],"curies":[{"name":"wp","href":"https:\/\/api.w.org\/{rel}","templated":true}]}}