{"id":9,"date":"2017-01-13T11:06:02","date_gmt":"2017-01-13T10:06:02","guid":{"rendered":"http:\/\/ksr-lu.ch\/cellosound\/?page_id=9"},"modified":"2017-01-13T11:17:33","modified_gmt":"2017-01-13T10:17:33","slug":"impressum","status":"publish","type":"page","link":"https:\/\/ksr-lu.ch\/cellosound\/impressum\/","title":{"rendered":"Impressum"},"content":{"rendered":"<p style=\"margin: 0in;font-family: Calibri;font-size: 14.0pt;color: black\">Ich bin begeisterte Cellospielerin und spiele seit 9 Jahren Cello. Ich m\u00f6chte \u00fcber die Grundlagen des Cellos bloggen, aber auch wie man Fortschritte auf dem Cello machen kann. Ich werde\u00a0 eigene Erfahrungen und \u00dcbungen einbringen, wie man das Vibrato lernen und wie man seine rechte und linke Hand verbessern kann. Mit den \u00dcbungen, welche in meinen Blogs vorkommen, m\u00f6chte ich anderen Cellisten helfen.<\/p>\n","protected":false},"excerpt":{"rendered":"<p class=\"post-excerpt\">Ich bin begeisterte Cellospielerin und spiele seit 9 Jahren Cello. Ich m\u00f6chte \u00fcber die Grundlagen des Cellos bloggen, aber auch&#8230;<\/p>\n","protected":false},"author":27,"featured_media":0,"parent":0,"menu_order":0,"comment_status":"closed","ping_status":"closed","template":"","meta":[],"categories":[],"tags":[],"_links":{"self":[{"href":"https:\/\/ksr-lu.ch\/cellosound\/wp-json\/wp\/v2\/pages\/9"}],"collection":[{"href":"https:\/\/ksr-lu.ch\/cellosound\/wp-json\/wp\/v2\/pages"}],"about":[{"href":"https:\/\/ksr-lu.ch\/cellosound\/wp-json\/wp\/v2\/types\/page"}],"author":[{"embeddable":true,"href":"https:\/\/ksr-lu.ch\/cellosound\/wp-json\/wp\/v2\/users\/27"}],"replies":[{"embeddable":true,"href":"https:\/\/ksr-lu.ch\/cellosound\/wp-json\/wp\/v2\/comments?post=9"}],"version-history":[{"count":3,"href":"https:\/\/ksr-lu.ch\/cellosound\/wp-json\/wp\/v2\/pages\/9\/revisions"}],"predecessor-version":[{"id":13,"href":"https:\/\/ksr-lu.ch\/cellosound\/wp-json\/wp\/v2\/pages\/9\/revisions\/13"}],"wp:attachment":[{"href":"https:\/\/ksr-lu.ch\/cellosound\/wp-json\/wp\/v2\/media?parent=9"}],"wp:term":[{"taxonomy":"category","embeddable":true,"href":"https:\/\/ksr-lu.ch\/cellosound\/wp-json\/wp\/v2\/categories?post=9"},{"taxonomy":"post_tag","embeddable":true,"href":"https:\/\/ksr-lu.ch\/cellosound\/wp-json\/wp\/v2\/tags?post=9"}],"curies":[{"name":"wp","href":"https:\/\/api.w.org\/{rel}","templated":true}]}}